{"id":1279,"date":"2021-10-04T14:57:19","date_gmt":"2021-10-04T14:57:19","guid":{"rendered":"https:\/\/premierentage.at\/2021\/?page_id=1279"},"modified":"2021-10-31T19:29:03","modified_gmt":"2021-10-31T19:29:03","slug":"archives-of-resistance-and-repair","status":"publish","type":"page","link":"https:\/\/premierentage.at\/2021\/archives-of-resistance-and-repair\/","title":{"rendered":"Archives of resistance and repair"},"content":{"rendered":"\t\t<div data-elementor-type=\"wp-page\" data-elementor-id=\"1279\" class=\"elementor elementor-1279\">\n\t\t\t\t\t\t<section class=\"elementor-section elementor-top-section elementor-element elementor-element-1320d38a elementor-section-boxed elementor-section-height-default elementor-section-height-default\" data-id=\"1320d38a\" data-element_type=\"section\" data-e-type=\"section\" data-settings=\"{&quot;background_background&quot;:&quot;classic&quot;}\">\n\t\t\t\t\t\t<div class=\"elementor-container elementor-column-gap-default\">\n\t\t\t\t\t<div class=\"elementor-column elementor-col-100 elementor-top-column elementor-element elementor-element-16cee0df\" data-id=\"16cee0df\" data-element_type=\"column\" data-e-type=\"column\">\n\t\t\t<div class=\"elementor-widget-wrap elementor-element-populated\">\n\t\t\t\t\t\t<div class=\"elementor-element elementor-element-717d83d3 graulink elementor-widget elementor-widget-text-editor\" data-id=\"717d83d3\" data-element_type=\"widget\" data-e-type=\"widget\" id=\"btn-back\" data-widget_type=\"text-editor.default\">\n\t\t\t\t<div class=\"elementor-widget-container\">\n\t\t\t\t\t\t\t\t\t<span style=\"color: #000000;\"><a href=\"javascript:history.back()\">ZUR\u00dcCK<\/a><\/span>\t\t\t\t\t\t\t\t<\/div>\n\t\t\t\t<\/div>\n\t\t\t\t<div class=\"elementor-element elementor-element-6a008814 elementor-widget elementor-widget-text-editor\" data-id=\"6a008814\" data-element_type=\"widget\" data-e-type=\"widget\" data-widget_type=\"text-editor.default\">\n\t\t\t\t<div class=\"elementor-widget-container\">\n\t\t\t\t\t\t\t\t\t<p><a href=\"https:\/\/premierentage.at\/2021\/neue-galerie\/\"><span style=\"text-decoration: underline;\">Neue Galerie<\/span><\/a><\/p>\t\t\t\t\t\t\t\t<\/div>\n\t\t\t\t<\/div>\n\t\t\t\t<div class=\"elementor-element elementor-element-24c658e6 elementor-widget elementor-widget-text-editor\" data-id=\"24c658e6\" data-element_type=\"widget\" data-e-type=\"widget\" data-widget_type=\"text-editor.default\">\n\t\t\t\t<div class=\"elementor-widget-container\">\n\t\t\t\t\t\t\t\t\t<p>DO 4. Nov<\/p>\t\t\t\t\t\t\t\t<\/div>\n\t\t\t\t<\/div>\n\t\t\t\t<div class=\"elementor-element elementor-element-54a00c23 elementor-widget elementor-widget-text-editor\" data-id=\"54a00c23\" data-element_type=\"widget\" data-e-type=\"widget\" data-widget_type=\"text-editor.default\">\n\t\t\t\t<div class=\"elementor-widget-container\">\n\t\t\t\t\t\t\t\t\t<p>18.00<\/p>\t\t\t\t\t\t\t\t<\/div>\n\t\t\t\t<\/div>\n\t\t\t\t<div class=\"elementor-element elementor-element-3ac3bf13 elementor-widget elementor-widget-text-editor\" data-id=\"3ac3bf13\" data-element_type=\"widget\" data-e-type=\"widget\" data-widget_type=\"text-editor.default\">\n\t\t\t\t<div class=\"elementor-widget-container\">\n\t\t\t\t\t\t\t\t\t<p>Archives of resistance and repair. Shiraz Bayjoo, Maeve Brennan &amp; Onyeka Igwe<\/p>\t\t\t\t\t\t\t\t<\/div>\n\t\t\t\t<\/div>\n\t\t\t\t<div class=\"elementor-element elementor-element-857a39f elementor-widget elementor-widget-text-editor\" data-id=\"857a39f\" data-element_type=\"widget\" data-e-type=\"widget\" data-widget_type=\"text-editor.default\">\n\t\t\t\t<div class=\"elementor-widget-container\">\n\t\t\t\t\t\t\t\t\t<p>Vernissage<\/p>\t\t\t\t\t\t\t\t<\/div>\n\t\t\t\t<\/div>\n\t\t\t\t<div class=\"elementor-element elementor-element-51d0b03b elementor-absolute elementor-widget__width-initial elementor-widget elementor-widget-text-editor\" data-id=\"51d0b03b\" data-element_type=\"widget\" data-e-type=\"widget\" data-settings=\"{&quot;_position&quot;:&quot;absolute&quot;}\" data-widget_type=\"text-editor.default\">\n\t\t\t\t<div class=\"elementor-widget-container\">\n\t\t\t\t\t\t\t\t\t<p>\u00a9 Still from Specialised Technique (2018) <br \/>by Onyeka Igwe. <br \/>Courtesy of the artist and BFI National Archive.<\/p><p>Neue Galerie<br \/>Rennweg 1<br \/>6020 Innsbruck<\/p><p>T +43 512 57 81 54<br \/><a href=\"http:\/\/www.kuenstlerschaft.at\">www.kuenstlerschaft.at<\/a><\/p><p>Mi \u2013 Fr 11:00 \u2013 17:00<br \/>Samstag 11:00 \u2013 15:00<\/p>\t\t\t\t\t\t\t\t<\/div>\n\t\t\t\t<\/div>\n\t\t\t\t<div class=\"elementor-element elementor-element-5a8093be elementor-widget elementor-widget-image\" data-id=\"5a8093be\" data-element_type=\"widget\" data-e-type=\"widget\" data-widget_type=\"image.default\">\n\t\t\t\t<div class=\"elementor-widget-container\">\n\t\t\t\t\t\t\t\t\t\t\t\t\t\t\t<img fetchpriority=\"high\" decoding=\"async\" width=\"750\" height=\"550\" src=\"https:\/\/premierentage.at\/2021\/wp-content\/uploads\/2021\/10\/750px-pastedImage.png\" class=\"attachment-full size-full wp-image-1166\" alt=\"\" srcset=\"https:\/\/premierentage.at\/2021\/wp-content\/uploads\/2021\/10\/750px-pastedImage.png 750w, https:\/\/premierentage.at\/2021\/wp-content\/uploads\/2021\/10\/750px-pastedImage-300x220.png 300w\" sizes=\"(max-width: 750px) 100vw, 750px\" \/>\t\t\t\t\t\t\t\t\t\t\t\t\t\t\t<\/div>\n\t\t\t\t<\/div>\n\t\t\t\t<div class=\"elementor-element elementor-element-1ee15584 elementor-widget elementor-widget-text-editor\" data-id=\"1ee15584\" data-element_type=\"widget\" data-e-type=\"widget\" data-widget_type=\"text-editor.default\">\n\t\t\t\t<div class=\"elementor-widget-container\">\n\t\t\t\t\t\t\t\t\t<p>D\u00a0\u00a0\u00a0\u00a0\u00a0\u00a0\u00a0 Die Ausstellung Archives of resistance and repair befragt M\u00f6glichkeiten einer Neubewertung historischer Dokumente und Materialien aus einer dekolonialen Perspektive. Die Arbeiten von Shiraz Bayjoo, Maeve Brennan und Onyeka Igwe benennen Orte, an welchen pers\u00f6nliche und \u00f6ffentliche Geschichten aufeinander treffen: M\u00e4chtige Wissensregime werden dekonstruiert, in dem pers\u00f6nliche und verk\u00f6rperte Erfahrungen in den Vordergrund gestellt und dokumentarische Materialien kritisch hinterfragt werden. Durch ihre forschungsbasierte Praxis erinnern uns die k\u00fcnstlerischen Arbeiten daran, dass die Zukunft nur durch einen bewussten Umgang mit unserer Vergangenheit und ihren fortbestehenden materiellen \u00dcberresten verhandelt werden kann.<br \/><br \/>Die Ausstellung ist Teil des Jahresprogramms 2021\/22 von Kunstpavillon &amp; Neue Galerie Innsbruck mit dem Leitmotiv \u201eDancing at the Edge of the World\u201c. K\u00fcnstlerische Leitung: Petra Poelzl <\/p>\t\t\t\t\t\t\t\t<\/div>\n\t\t\t\t<\/div>\n\t\t\t\t<div class=\"elementor-element elementor-element-21626cf9 elementor-widget elementor-widget-text-editor\" data-id=\"21626cf9\" data-element_type=\"widget\" data-e-type=\"widget\" data-widget_type=\"text-editor.default\">\n\t\t\t\t<div class=\"elementor-widget-container\">\n\t\t\t\t\t\t\t\t\t<p>E\u00a0\u00a0\u00a0\u00a0\u00a0\u00a0\u00a0 Presenting recent works of moving-image and installation art, Archives of resistance and repair explores artistic efforts to reconsider the meaning and function of historical records from a decolonial perspective. The exhibition locates sites where personal and public histories intersect, exposing fault lines between loss and recovery, entropy and rejuvenation, as well as fact and fiction. The work of Shiraz Bayjoo, Maeve Brennan, and Onyeka Igwe deconstructs powerful knowledge regimes by confronting documentary materials with new critical methodologies that foreground intimacy and embodied experience. Through their research-based practices, the artists remind us that the future can only be negotiated through reconciliation with our past and its lingering material remnants.<\/p>\t\t\t\t\t\t\t\t<\/div>\n\t\t\t\t<\/div>\n\t\t\t\t\t<\/div>\n\t\t<\/div>\n\t\t\t\t\t<\/div>\n\t\t<\/section>\n\t\t\t\t<\/div>\n\t\t","protected":false},"excerpt":{"rendered":"<p>ZUR\u00dcCK Neue Galerie DO 4. Nov 18.00 Archives of resistance and repair. Shiraz Bayjoo, Maeve Brennan &amp; Onyeka Igwe Vernissage \u00a9 Still from Specialised Technique (2018) by Onyeka Igwe. Courtesy of the artist and BFI National Archive. Neue GalerieRennweg 16020 Innsbruck T +43 512 57 81 54www.kuenstlerschaft.at Mi \u2013 Fr 11:00 \u2013 17:00Samstag 11:00 \u2013 [&hellip;]<\/p>\n","protected":false},"author":1,"featured_media":0,"parent":0,"menu_order":0,"comment_status":"closed","ping_status":"closed","template":"elementor_header_footer","meta":{"footnotes":""},"class_list":["post-1279","page","type-page","status-publish","hentry"],"_links":{"self":[{"href":"https:\/\/premierentage.at\/2021\/wp-json\/wp\/v2\/pages\/1279","targetHints":{"allow":["GET"]}}],"collection":[{"href":"https:\/\/premierentage.at\/2021\/wp-json\/wp\/v2\/pages"}],"about":[{"href":"https:\/\/premierentage.at\/2021\/wp-json\/wp\/v2\/types\/page"}],"author":[{"embeddable":true,"href":"https:\/\/premierentage.at\/2021\/wp-json\/wp\/v2\/users\/1"}],"replies":[{"embeddable":true,"href":"https:\/\/premierentage.at\/2021\/wp-json\/wp\/v2\/comments?post=1279"}],"version-history":[{"count":49,"href":"https:\/\/premierentage.at\/2021\/wp-json\/wp\/v2\/pages\/1279\/revisions"}],"predecessor-version":[{"id":5846,"href":"https:\/\/premierentage.at\/2021\/wp-json\/wp\/v2\/pages\/1279\/revisions\/5846"}],"wp:attachment":[{"href":"https:\/\/premierentage.at\/2021\/wp-json\/wp\/v2\/media?parent=1279"}],"curies":[{"name":"wp","href":"https:\/\/api.w.org\/{rel}","templated":true}]}}