{"id":1339,"date":"2021-10-04T15:28:26","date_gmt":"2021-10-04T15:28:26","guid":{"rendered":"https:\/\/premierentage.at\/2021\/?page_id=1339"},"modified":"2022-04-02T12:15:30","modified_gmt":"2022-04-02T12:15:30","slug":"angelika-wischermann","status":"publish","type":"page","link":"https:\/\/premierentage.at\/2021\/angelika-wischermann\/","title":{"rendered":"Angelika Wischermann"},"content":{"rendered":"<p><a href=\"javascript:history.back()\">ZUR\u00dcCK<\/a><\/p>\n<p><a href=\"https:\/\/premierentage.at\/2021\/vorbrenner\/\">Vorbrenner \u2013 Schaufenster BUERO BRUX<\/a><\/p>\n<p>DO 4. NOV<\/p>\n<p>17.00\u201322.00<\/p>\n<p>Angelika Wischermann. So Close<\/p>\n<p>Installation<\/p>\n<p><a href=\"https:\/\/premierentage.at\/2021\/vorbrenner\/\">Vorbrenner \u2013 Schaufenster BUERO BRUX<\/a><\/p>\n<p>FR 5. NOV<\/p>\n<p>17.00\u201322.00<\/p>\n<p><img loading=\"lazy\" decoding=\"async\" width=\"750\" height=\"500\" src=\"https:\/\/premierentage.at\/2021\/wp-content\/uploads\/2021\/10\/750px-Wischermann.jpg\" alt=\"\" loading=\"lazy\" srcset=\"https:\/\/premierentage.at\/2021\/wp-content\/uploads\/2021\/10\/750px-Wischermann.jpg 750w, https:\/\/premierentage.at\/2021\/wp-content\/uploads\/2021\/10\/750px-Wischermann-300x200.jpg 300w\" sizes=\"auto, (max-width: 750px) 100vw, 750px\"><\/p>\n<p><a href=\"https:\/\/premierentage.at\/2021\/vorbrenner\/\">Vorbrenner \u2013 Schaufenster BUERO BRUX<\/a><\/p>\n<p>SA 6. NOV<\/p>\n<p>17.00\u201322.00<\/p>\n<p>D&nbsp;&nbsp;&nbsp;&nbsp;&nbsp;&nbsp; Eine Frau steht vor einer wei\u00dfen Wand, der sie sich langsam n\u00e4hert. Sie beginnt, ihren K\u00f6rper gegen die Wand zu pressen, wobei sie Arme, Beine und F\u00fc\u00dfe so ausrichtet, dass eine m\u00f6glichst gro\u00dffl\u00e4chige Ber\u00fchrung entsteht. Da der menschliche K\u00f6rper aber nicht f\u00fcr eine derart flache aufrechte Ausrichtung geschaffen ist, ist es unm\u00f6glich, in dieser Position zu verweilen. Und da die Wand keinen Halt bietet, verliert die Frau das Gleichgewicht und st\u00fcrzt nach hinten von der Wand weg. Wieder und wieder versucht sie die Ann\u00e4herung, schafft es aber niemals, in der fl\u00e4chigen Ber\u00fchrung zu verweilen.<\/p>\n<p>E&nbsp;&nbsp;&nbsp;&nbsp;&nbsp;&nbsp; A woman stands before a white wall, approaching it bit by bit. She begins to press her body against the wall, adjusting arms, legs and feet in such a way that as much of her body as possible touches it. As the human body is not made for such flat, upright alignment, though, it is impossible to remain in that position. And as the wall does not present any hold, the woman loses balance and tumbles backwards away from the wall. Again and again she attempts rapprochement, but never succeeds in maintaining the flat contact.<\/p>\n<p>\u00a9 Angelika Wischermann<\/p>\n<p>Schaufenster BUERO BRUX \/ Freies Theater Innsbruck<br \/>\nMaria-Theresien-Stra\u00dfe 49a<br \/>\n(= Durchgang Landhausplatz \/ Maria-Theresien-Stra\u00dfe)<\/p>\n<p><a href=\"http:\/\/www.vorbrenner.org\">www.vorbrenner.org<\/a><\/p>\n","protected":false},"excerpt":{"rendered":"<p>ZUR\u00dcCK Vorbrenner \u2013 Schaufenster BUERO BRUX DO 4. NOV 17.00\u201322.00 Angelika Wischermann. So Close Installation Vorbrenner \u2013 Schaufenster BUERO BRUX FR 5. NOV 17.00\u201322.00 Vorbrenner \u2013 Schaufenster BUERO BRUX SA 6. NOV 17.00\u201322.00 D&nbsp;&nbsp;&nbsp;&nbsp;&nbsp;&nbsp; Eine Frau steht vor einer wei\u00dfen Wand, der sie sich langsam n\u00e4hert. Sie beginnt, ihren K\u00f6rper gegen die Wand zu pressen, [&hellip;]<\/p>\n","protected":false},"author":1,"featured_media":0,"parent":0,"menu_order":0,"comment_status":"closed","ping_status":"closed","template":"elementor_header_footer","meta":{"footnotes":""},"class_list":["post-1339","page","type-page","status-publish","hentry"],"_links":{"self":[{"href":"https:\/\/premierentage.at\/2021\/wp-json\/wp\/v2\/pages\/1339","targetHints":{"allow":["GET"]}}],"collection":[{"href":"https:\/\/premierentage.at\/2021\/wp-json\/wp\/v2\/pages"}],"about":[{"href":"https:\/\/premierentage.at\/2021\/wp-json\/wp\/v2\/types\/page"}],"author":[{"embeddable":true,"href":"https:\/\/premierentage.at\/2021\/wp-json\/wp\/v2\/users\/1"}],"replies":[{"embeddable":true,"href":"https:\/\/premierentage.at\/2021\/wp-json\/wp\/v2\/comments?post=1339"}],"version-history":[{"count":68,"href":"https:\/\/premierentage.at\/2021\/wp-json\/wp\/v2\/pages\/1339\/revisions"}],"predecessor-version":[{"id":5872,"href":"https:\/\/premierentage.at\/2021\/wp-json\/wp\/v2\/pages\/1339\/revisions\/5872"}],"wp:attachment":[{"href":"https:\/\/premierentage.at\/2021\/wp-json\/wp\/v2\/media?parent=1339"}],"curies":[{"name":"wp","href":"https:\/\/api.w.org\/{rel}","templated":true}]}}