{"id":1441,"date":"2021-10-05T10:29:59","date_gmt":"2021-10-05T10:29:59","guid":{"rendered":"https:\/\/premierentage.at\/2021\/?page_id=1441"},"modified":"2021-10-28T09:19:35","modified_gmt":"2021-10-28T09:19:35","slug":"das-fotoalbum","status":"publish","type":"page","link":"https:\/\/premierentage.at\/2021\/das-fotoalbum\/","title":{"rendered":"Das Fotoalbum"},"content":{"rendered":"\t\t<div data-elementor-type=\"wp-page\" data-elementor-id=\"1441\" class=\"elementor elementor-1441\">\n\t\t\t\t\t\t<section class=\"elementor-section elementor-top-section elementor-element elementor-element-1320d38a elementor-section-boxed elementor-section-height-default elementor-section-height-default\" data-id=\"1320d38a\" data-element_type=\"section\" data-e-type=\"section\" data-settings=\"{&quot;background_background&quot;:&quot;classic&quot;}\">\n\t\t\t\t\t\t<div class=\"elementor-container elementor-column-gap-default\">\n\t\t\t\t\t<div class=\"elementor-column elementor-col-100 elementor-top-column elementor-element elementor-element-16cee0df\" data-id=\"16cee0df\" data-element_type=\"column\" data-e-type=\"column\">\n\t\t\t<div class=\"elementor-widget-wrap elementor-element-populated\">\n\t\t\t\t\t\t<div class=\"elementor-element elementor-element-717d83d3 graulink elementor-widget elementor-widget-text-editor\" data-id=\"717d83d3\" data-element_type=\"widget\" data-e-type=\"widget\" id=\"btn-back\" data-widget_type=\"text-editor.default\">\n\t\t\t\t<div class=\"elementor-widget-container\">\n\t\t\t\t\t\t\t\t\t<span style=\"color: #000000;\"><a href=\"javascript:history.back()\">ZUR\u00dcCK<\/a><\/span>\t\t\t\t\t\t\t\t<\/div>\n\t\t\t\t<\/div>\n\t\t\t\t<div class=\"elementor-element elementor-element-6a008814 elementor-widget elementor-widget-text-editor\" data-id=\"6a008814\" data-element_type=\"widget\" data-e-type=\"widget\" data-widget_type=\"text-editor.default\">\n\t\t\t\t<div class=\"elementor-widget-container\">\n\t\t\t\t\t\t\t\t\t<p><span style=\"text-decoration: underline;\">INN SITU \/ BTV Stadtforum Innsbruck<\/span><\/p>\t\t\t\t\t\t\t\t<\/div>\n\t\t\t\t<\/div>\n\t\t\t\t<div class=\"elementor-element elementor-element-24c658e6 elementor-widget elementor-widget-text-editor\" data-id=\"24c658e6\" data-element_type=\"widget\" data-e-type=\"widget\" data-widget_type=\"text-editor.default\">\n\t\t\t\t<div class=\"elementor-widget-container\">\n\t\t\t\t\t\t\t\t\t<p>FR 5. NOV<\/p>\t\t\t\t\t\t\t\t<\/div>\n\t\t\t\t<\/div>\n\t\t\t\t<div class=\"elementor-element elementor-element-54a00c23 elementor-widget elementor-widget-text-editor\" data-id=\"54a00c23\" data-element_type=\"widget\" data-e-type=\"widget\" data-widget_type=\"text-editor.default\">\n\t\t\t\t<div class=\"elementor-widget-container\">\n\t\t\t\t\t\t\t\t\t<p>18.00<\/p>\t\t\t\t\t\t\t\t<\/div>\n\t\t\t\t<\/div>\n\t\t\t\t<div class=\"elementor-element elementor-element-3ac3bf13 elementor-widget elementor-widget-text-editor\" data-id=\"3ac3bf13\" data-element_type=\"widget\" data-e-type=\"widget\" data-widget_type=\"text-editor.default\">\n\t\t\t\t<div class=\"elementor-widget-container\">\n\t\t\t\t\t\t\t\t\t<p>Das Fotoalbum<\/p>\t\t\t\t\t\t\t\t<\/div>\n\t\t\t\t<\/div>\n\t\t\t\t<div class=\"elementor-element elementor-element-51d0b03b elementor-absolute elementor-widget__width-initial elementor-widget elementor-widget-text-editor\" data-id=\"51d0b03b\" data-element_type=\"widget\" data-e-type=\"widget\" data-settings=\"{&quot;_position&quot;:&quot;absolute&quot;}\" data-widget_type=\"text-editor.default\">\n\t\t\t\t<div class=\"elementor-widget-container\">\n\t\t\t\t\t\t\t\t\t<p>\u00a9 Thomas Schrott<\/p><p>INN SITU \/ BTV Stadtforum Innsbruck<br \/>Stadtforum 1<br \/>6020 Innsbruck<\/p><p>T +43 505 333 1417<br \/><a href=\"http:\/\/www.innsitu.at\">www.innsitu.at<\/a><\/p><p>Mo\u2013Fr 11:00 \u2013 18:00<br \/>Samstag 11:00 \u2013 15:00<br \/>Sonntag geschlossen<\/p>\t\t\t\t\t\t\t\t<\/div>\n\t\t\t\t<\/div>\n\t\t\t\t<div class=\"elementor-element elementor-element-857a39f elementor-widget elementor-widget-text-editor\" data-id=\"857a39f\" data-element_type=\"widget\" data-e-type=\"widget\" data-widget_type=\"text-editor.default\">\n\t\t\t\t<div class=\"elementor-widget-container\">\n\t\t\t\t\t\t\t\t\t<p><span style=\"color: #000000;\">Guided Tour<\/span><\/p>\t\t\t\t\t\t\t\t<\/div>\n\t\t\t\t<\/div>\n\t\t\t\t<div class=\"elementor-element elementor-element-5a8093be elementor-widget elementor-widget-image\" data-id=\"5a8093be\" data-element_type=\"widget\" data-e-type=\"widget\" data-widget_type=\"image.default\">\n\t\t\t\t<div class=\"elementor-widget-container\">\n\t\t\t\t\t\t\t\t\t\t\t\t\t\t\t<img fetchpriority=\"high\" decoding=\"async\" width=\"750\" height=\"563\" src=\"https:\/\/premierentage.at\/2021\/wp-content\/uploads\/2021\/10\/750px-Album_c_-Thomas-Schrott.jpg\" class=\"attachment-full size-full wp-image-1212\" alt=\"\" srcset=\"https:\/\/premierentage.at\/2021\/wp-content\/uploads\/2021\/10\/750px-Album_c_-Thomas-Schrott.jpg 750w, https:\/\/premierentage.at\/2021\/wp-content\/uploads\/2021\/10\/750px-Album_c_-Thomas-Schrott-300x225.jpg 300w\" sizes=\"(max-width: 750px) 100vw, 750px\" \/>\t\t\t\t\t\t\t\t\t\t\t\t\t\t\t<\/div>\n\t\t\t\t<\/div>\n\t\t\t\t<div class=\"elementor-element elementor-element-1ee15584 elementor-widget elementor-widget-text-editor\" data-id=\"1ee15584\" data-element_type=\"widget\" data-e-type=\"widget\" data-widget_type=\"text-editor.default\">\n\t\t\t\t<div class=\"elementor-widget-container\">\n\t\t\t\t\t\t\t\t\t<p>D\u00a0\u00a0 INN SITU ist das Kunst- und Kulturprogramm der Bank f\u00fcr Tirol und Vorarlberg (BTV) in Innsbruck. Es besch\u00e4ftigt sich mit Fotografie, Musik und Dialog in der Alpenregion Tirol und Vorarlberg. www.innsitu.at<\/p><p>F\u00fchrung durch die INN SITU Ausstellung \u201eDAS FOTOALBUM\u201c, in der rund 60 Fotografien eines Albums aus dem Jahr 1912 aus der Sammlung der Bibliothek des Tiroler Landesmuseums Ferdinandeum gezeigt werden. Die Bilder dokumentieren eine Reise dreier unbekannter Protagonisten von M\u00fcnchen nach Tirol. Die renommierte Schriftstellerin Verena Ro\u00dfbacher nutzte das Album f\u00fcr ein literarisch-fotografisches Roadmovie.<\/p><p>Eine anschlie\u00dfende F\u00fchrung durch die Bibliothek des Ferdinandeums gibt Einblick in die knapp 200 Jahre alte Sammlung und stellt die historische Fotografie in den Mittelpunkt.<\/p>\t\t\t\t\t\t\t\t<\/div>\n\t\t\t\t<\/div>\n\t\t\t\t<div class=\"elementor-element elementor-element-891bfd6 elementor-widget elementor-widget-text-editor\" data-id=\"891bfd6\" data-element_type=\"widget\" data-e-type=\"widget\" data-widget_type=\"text-editor.default\">\n\t\t\t\t<div class=\"elementor-widget-container\">\n\t\t\t\t\t\t\t\t\t<p>Hier geht es zur <span style=\"text-decoration: underline;\"><a href=\"https:\/\/innsitu.at\/vermittlungsprogramm\/\">Anmeldung<\/a><\/span>!<\/p>\t\t\t\t\t\t\t\t<\/div>\n\t\t\t\t<\/div>\n\t\t\t\t<div class=\"elementor-element elementor-element-21626cf9 elementor-widget elementor-widget-text-editor\" data-id=\"21626cf9\" data-element_type=\"widget\" data-e-type=\"widget\" data-widget_type=\"text-editor.default\">\n\t\t\t\t<div class=\"elementor-widget-container\">\n\t\t\t\t\t\t\t\t\t<p>E\u00a0\u00a0\u00a0\u00a0\u00a0INN SITU is an art and culture programme of the Bank f\u00fcr Tirol und Vorarlberg (BTV) in Innsbruck. It focuses on photography, music and dialogue in the Alpine region of Tirol and Vorarlberg. www.innsitu.at<\/p><p>Guided tour through the INN SITU exhibition DAS FOTOALBUM, which presents around sixty photographs from a photo album, assembled in 1912, from the collection of the library of the Tyrolean State Museum Ferdinandeum. The pictures document a journey of three anonymous protagonists from Munich to Tyrol. The renowned writer Verena Ro\u00dfbacher used the album as inspiration for a literary-photographic road movie. A subsequent guided tour through the Ferdinandeum library grants an insight into the collection, nearly two-hundred years old, primarily focusing on historic photography.<\/p>\t\t\t\t\t\t\t\t<\/div>\n\t\t\t\t<\/div>\n\t\t\t\t<div class=\"elementor-element elementor-element-11c86f9 elementor-widget elementor-widget-text-editor\" data-id=\"11c86f9\" data-element_type=\"widget\" data-e-type=\"widget\" data-widget_type=\"text-editor.default\">\n\t\t\t\t<div class=\"elementor-widget-container\">\n\t\t\t\t\t\t\t\t\t<p>Link to the <span style=\"text-decoration: underline;\"><a href=\"https:\/\/innsitu.at\/vermittlungsprogramm\/\">registration<\/a><\/span>!<\/p>\t\t\t\t\t\t\t\t<\/div>\n\t\t\t\t<\/div>\n\t\t\t\t\t<\/div>\n\t\t<\/div>\n\t\t\t\t\t<\/div>\n\t\t<\/section>\n\t\t\t\t<\/div>\n\t\t","protected":false},"excerpt":{"rendered":"<p>ZUR\u00dcCK INN SITU \/ BTV Stadtforum Innsbruck FR 5. NOV 18.00 Das Fotoalbum \u00a9 Thomas Schrott INN SITU \/ BTV Stadtforum InnsbruckStadtforum 16020 Innsbruck T +43 505 333 1417www.innsitu.at Mo\u2013Fr 11:00 \u2013 18:00Samstag 11:00 \u2013 15:00Sonntag geschlossen Guided Tour D\u00a0\u00a0 INN SITU ist das Kunst- und Kulturprogramm der Bank f\u00fcr Tirol und Vorarlberg (BTV) in [&hellip;]<\/p>\n","protected":false},"author":1,"featured_media":0,"parent":0,"menu_order":0,"comment_status":"closed","ping_status":"closed","template":"elementor_header_footer","meta":{"footnotes":""},"class_list":["post-1441","page","type-page","status-publish","hentry"],"_links":{"self":[{"href":"https:\/\/premierentage.at\/2021\/wp-json\/wp\/v2\/pages\/1441","targetHints":{"allow":["GET"]}}],"collection":[{"href":"https:\/\/premierentage.at\/2021\/wp-json\/wp\/v2\/pages"}],"about":[{"href":"https:\/\/premierentage.at\/2021\/wp-json\/wp\/v2\/types\/page"}],"author":[{"embeddable":true,"href":"https:\/\/premierentage.at\/2021\/wp-json\/wp\/v2\/users\/1"}],"replies":[{"embeddable":true,"href":"https:\/\/premierentage.at\/2021\/wp-json\/wp\/v2\/comments?post=1441"}],"version-history":[{"count":46,"href":"https:\/\/premierentage.at\/2021\/wp-json\/wp\/v2\/pages\/1441\/revisions"}],"predecessor-version":[{"id":5765,"href":"https:\/\/premierentage.at\/2021\/wp-json\/wp\/v2\/pages\/1441\/revisions\/5765"}],"wp:attachment":[{"href":"https:\/\/premierentage.at\/2021\/wp-json\/wp\/v2\/media?parent=1441"}],"curies":[{"name":"wp","href":"https:\/\/api.w.org\/{rel}","templated":true}]}}