{"id":1457,"date":"2021-10-05T10:38:00","date_gmt":"2021-10-05T10:38:00","guid":{"rendered":"https:\/\/premierentage.at\/2021\/?page_id=1457"},"modified":"2021-10-28T09:03:01","modified_gmt":"2021-10-28T09:03:01","slug":"judith-klemenc-rabentoechter","status":"publish","type":"page","link":"https:\/\/premierentage.at\/2021\/judith-klemenc-rabentoechter\/","title":{"rendered":"Judith Klemenc. Rabent\u00f6chter"},"content":{"rendered":"\t\t<div data-elementor-type=\"wp-page\" data-elementor-id=\"1457\" class=\"elementor elementor-1457\">\n\t\t\t\t\t\t<section class=\"elementor-section elementor-top-section elementor-element elementor-element-1320d38a elementor-section-boxed elementor-section-height-default elementor-section-height-default\" data-id=\"1320d38a\" data-element_type=\"section\" data-e-type=\"section\" data-settings=\"{&quot;background_background&quot;:&quot;classic&quot;}\">\n\t\t\t\t\t\t<div class=\"elementor-container elementor-column-gap-default\">\n\t\t\t\t\t<div class=\"elementor-column elementor-col-100 elementor-top-column elementor-element elementor-element-16cee0df\" data-id=\"16cee0df\" data-element_type=\"column\" data-e-type=\"column\">\n\t\t\t<div class=\"elementor-widget-wrap elementor-element-populated\">\n\t\t\t\t\t\t<div class=\"elementor-element elementor-element-717d83d3 graulink elementor-widget elementor-widget-text-editor\" data-id=\"717d83d3\" data-element_type=\"widget\" data-e-type=\"widget\" id=\"btn-back\" data-widget_type=\"text-editor.default\">\n\t\t\t\t<div class=\"elementor-widget-container\">\n\t\t\t\t\t\t\t\t\t<span style=\"color: #000000;\"><a href=\"javascript:history.back()\">ZUR\u00dcCK<\/a><\/span>\t\t\t\t\t\t\t\t<\/div>\n\t\t\t\t<\/div>\n\t\t\t\t<div class=\"elementor-element elementor-element-6a008814 elementor-widget elementor-widget-text-editor\" data-id=\"6a008814\" data-element_type=\"widget\" data-e-type=\"widget\" data-widget_type=\"text-editor.default\">\n\t\t\t\t<div class=\"elementor-widget-container\">\n\t\t\t\t\t\t\t\t\t<p><span style=\"text-decoration: underline;\">Die B\u00c4CKEREI. Kulturbackstube<\/span><\/p>\t\t\t\t\t\t\t\t<\/div>\n\t\t\t\t<\/div>\n\t\t\t\t<div class=\"elementor-element elementor-element-24c658e6 elementor-widget elementor-widget-text-editor\" data-id=\"24c658e6\" data-element_type=\"widget\" data-e-type=\"widget\" data-widget_type=\"text-editor.default\">\n\t\t\t\t<div class=\"elementor-widget-container\">\n\t\t\t\t\t\t\t\t\t<p>FR 5. NOV<\/p>\t\t\t\t\t\t\t\t<\/div>\n\t\t\t\t<\/div>\n\t\t\t\t<div class=\"elementor-element elementor-element-54a00c23 elementor-widget elementor-widget-text-editor\" data-id=\"54a00c23\" data-element_type=\"widget\" data-e-type=\"widget\" data-widget_type=\"text-editor.default\">\n\t\t\t\t<div class=\"elementor-widget-container\">\n\t\t\t\t\t\t\t\t\t<p>19.30<\/p>\t\t\t\t\t\t\t\t<\/div>\n\t\t\t\t<\/div>\n\t\t\t\t<div class=\"elementor-element elementor-element-3ac3bf13 elementor-widget elementor-widget-text-editor\" data-id=\"3ac3bf13\" data-element_type=\"widget\" data-e-type=\"widget\" data-widget_type=\"text-editor.default\">\n\t\t\t\t<div class=\"elementor-widget-container\">\n\t\t\t\t\t\t\t\t\t<p>Judith Klemenc. Rabent\u00f6chter<\/p>\t\t\t\t\t\t\t\t<\/div>\n\t\t\t\t<\/div>\n\t\t\t\t<div class=\"elementor-element elementor-element-51d0b03b elementor-absolute elementor-widget__width-initial elementor-widget elementor-widget-text-editor\" data-id=\"51d0b03b\" data-element_type=\"widget\" data-e-type=\"widget\" data-settings=\"{&quot;_position&quot;:&quot;absolute&quot;}\" data-widget_type=\"text-editor.default\">\n\t\t\t\t<div class=\"elementor-widget-container\">\n\t\t\t\t\t\t\t\t\t<p>\u00a9 Judith Klemenc<\/p><p>Die B\u00e4ckerei &#8211; Kulturbackstube<br \/>Dreiheiligenstra\u00dfe 21a<br \/>6020 Innsbruck<\/p><p>\u00d6ffnungszeiten, wenn keine Veranstaltung stattfindet:<br \/>MO, MI, DO 9:00 \u2013 12:30 und 14:00 \u2013 17:00<br \/>FR 9:00 \u2013 12:30<\/p>\t\t\t\t\t\t\t\t<\/div>\n\t\t\t\t<\/div>\n\t\t\t\t<div class=\"elementor-element elementor-element-857a39f elementor-widget elementor-widget-text-editor\" data-id=\"857a39f\" data-element_type=\"widget\" data-e-type=\"widget\" data-widget_type=\"text-editor.default\">\n\t\t\t\t<div class=\"elementor-widget-container\">\n\t\t\t\t\t\t\t\t\t<p><span style=\"color: #000000;\">Performance<\/span><\/p>\t\t\t\t\t\t\t\t<\/div>\n\t\t\t\t<\/div>\n\t\t\t\t<div class=\"elementor-element elementor-element-5a8093be elementor-widget elementor-widget-image\" data-id=\"5a8093be\" data-element_type=\"widget\" data-e-type=\"widget\" data-widget_type=\"image.default\">\n\t\t\t\t<div class=\"elementor-widget-container\">\n\t\t\t\t\t\t\t\t\t\t\t\t\t\t\t<img fetchpriority=\"high\" decoding=\"async\" width=\"1500\" height=\"1100\" src=\"https:\/\/premierentage.at\/2021\/wp-content\/uploads\/2021\/10\/Bild_22.jpg\" class=\"attachment-full size-full wp-image-2473\" alt=\"\" srcset=\"https:\/\/premierentage.at\/2021\/wp-content\/uploads\/2021\/10\/Bild_22.jpg 1500w, https:\/\/premierentage.at\/2021\/wp-content\/uploads\/2021\/10\/Bild_22-300x220.jpg 300w, https:\/\/premierentage.at\/2021\/wp-content\/uploads\/2021\/10\/Bild_22-1024x751.jpg 1024w, https:\/\/premierentage.at\/2021\/wp-content\/uploads\/2021\/10\/Bild_22-768x563.jpg 768w\" sizes=\"(max-width: 1500px) 100vw, 1500px\" \/>\t\t\t\t\t\t\t\t\t\t\t\t\t\t\t<\/div>\n\t\t\t\t<\/div>\n\t\t\t\t<div class=\"elementor-element elementor-element-1ee15584 elementor-widget elementor-widget-text-editor\" data-id=\"1ee15584\" data-element_type=\"widget\" data-e-type=\"widget\" data-widget_type=\"text-editor.default\">\n\t\t\t\t<div class=\"elementor-widget-container\">\n\t\t\t\t\t\t\t\t\t<p>Im Pendant zu Rabenm\u00fctter* negieren die Rabent\u00f6chter* ihre t\u00f6chterlichen Pflichten &#8211; sie vernachl\u00e4ssigen ihre Mutter*: sie rufen sie nicht regelm\u00e4\u00dfig an, sie besuchen sie nicht regelm\u00e4\u00dfig, sie tr\u00f6sten sie nicht regelm\u00e4\u00dfig \u2026 Sie danken ihr nicht regelm\u00e4\u00dfig.<\/p><p>T\u00f6chter* haben in der Regel ihren M\u00fcttern* f\u00fcr ihr Leben zu danken. Der Akt der Geburt ist zugleich eng an eine Lebensschuld gekn\u00fcpft, die f\u00fcrsorglich zu b\u00fc\u00dfen ist. Der Beichtstuhl der Tochterschaft* fordert die W\u00fcrdigung der M\u00fctterlichkeit, die gesellschaftlich vernachl\u00e4ssigt wird: die Honorierung von systemrelevanter Arbeit.<\/p><p>Rabent\u00f6chter*.<\/p><p>Rabent\u00f6chter verweigern den patriarchalen Beichtstuhl.<\/p><p>Mit eigens f\u00fcr die Ausstellung Rabent\u00f6chter* entstandenen Arbeiten konfrontiert Judith Klemenc in Installation, Skulptur, Fotografie und Performance mit den Ambivalenzen der Tochterschaft*, um f\u00fcr eine Unschuld des Geboren-Seins &#8211; aller Menschen, letztlich f\u00fcr ein nicht-schuldiges F\u00fcr-und Miteinander einzustehen &#8211; oder ist es ein Tanzen?<\/p>\t\t\t\t\t\t\t\t<\/div>\n\t\t\t\t<\/div>\n\t\t\t\t\t<\/div>\n\t\t<\/div>\n\t\t\t\t\t<\/div>\n\t\t<\/section>\n\t\t\t\t<\/div>\n\t\t","protected":false},"excerpt":{"rendered":"<p>ZUR\u00dcCK Die B\u00c4CKEREI. Kulturbackstube FR 5. NOV 19.30 Judith Klemenc. Rabent\u00f6chter \u00a9 Judith Klemenc Die B\u00e4ckerei &#8211; KulturbackstubeDreiheiligenstra\u00dfe 21a6020 Innsbruck \u00d6ffnungszeiten, wenn keine Veranstaltung stattfindet:MO, MI, DO 9:00 \u2013 12:30 und 14:00 \u2013 17:00FR 9:00 \u2013 12:30 Performance Im Pendant zu Rabenm\u00fctter* negieren die Rabent\u00f6chter* ihre t\u00f6chterlichen Pflichten &#8211; sie vernachl\u00e4ssigen ihre Mutter*: sie rufen [&hellip;]<\/p>\n","protected":false},"author":1,"featured_media":0,"parent":0,"menu_order":0,"comment_status":"closed","ping_status":"closed","template":"elementor_header_footer","meta":{"footnotes":""},"class_list":["post-1457","page","type-page","status-publish","hentry"],"_links":{"self":[{"href":"https:\/\/premierentage.at\/2021\/wp-json\/wp\/v2\/pages\/1457","targetHints":{"allow":["GET"]}}],"collection":[{"href":"https:\/\/premierentage.at\/2021\/wp-json\/wp\/v2\/pages"}],"about":[{"href":"https:\/\/premierentage.at\/2021\/wp-json\/wp\/v2\/types\/page"}],"author":[{"embeddable":true,"href":"https:\/\/premierentage.at\/2021\/wp-json\/wp\/v2\/users\/1"}],"replies":[{"embeddable":true,"href":"https:\/\/premierentage.at\/2021\/wp-json\/wp\/v2\/comments?post=1457"}],"version-history":[{"count":58,"href":"https:\/\/premierentage.at\/2021\/wp-json\/wp\/v2\/pages\/1457\/revisions"}],"predecessor-version":[{"id":5747,"href":"https:\/\/premierentage.at\/2021\/wp-json\/wp\/v2\/pages\/1457\/revisions\/5747"}],"wp:attachment":[{"href":"https:\/\/premierentage.at\/2021\/wp-json\/wp\/v2\/media?parent=1457"}],"curies":[{"name":"wp","href":"https:\/\/api.w.org\/{rel}","templated":true}]}}