{"id":1577,"date":"2021-10-05T13:57:34","date_gmt":"2021-10-05T13:57:34","guid":{"rendered":"https:\/\/premierentage.at\/2021\/?page_id=1577"},"modified":"2021-10-21T09:47:28","modified_gmt":"2021-10-21T09:47:28","slug":"experimental-setup-v-opferung","status":"publish","type":"page","link":"https:\/\/premierentage.at\/2021\/experimental-setup-v-opferung\/","title":{"rendered":"Experimental Setup. V. Opferung"},"content":{"rendered":"\t\t<div data-elementor-type=\"wp-page\" data-elementor-id=\"1577\" class=\"elementor elementor-1577\">\n\t\t\t\t\t\t<section class=\"elementor-section elementor-top-section elementor-element elementor-element-1320d38a elementor-section-boxed elementor-section-height-default elementor-section-height-default\" data-id=\"1320d38a\" data-element_type=\"section\" data-e-type=\"section\" data-settings=\"{&quot;background_background&quot;:&quot;classic&quot;}\">\n\t\t\t\t\t\t<div class=\"elementor-container elementor-column-gap-default\">\n\t\t\t\t\t<div class=\"elementor-column elementor-col-100 elementor-top-column elementor-element elementor-element-16cee0df\" data-id=\"16cee0df\" data-element_type=\"column\" data-e-type=\"column\">\n\t\t\t<div class=\"elementor-widget-wrap elementor-element-populated\">\n\t\t\t\t\t\t<div class=\"elementor-element elementor-element-717d83d3 graulink elementor-widget elementor-widget-text-editor\" data-id=\"717d83d3\" data-element_type=\"widget\" data-e-type=\"widget\" id=\"btn-back\" data-widget_type=\"text-editor.default\">\n\t\t\t\t<div class=\"elementor-widget-container\">\n\t\t\t\t\t\t\t\t\t<span style=\"color: #000000;\"><a href=\"javascript:history.back()\">ZUR\u00dcCK<\/a><\/span>\t\t\t\t\t\t\t\t<\/div>\n\t\t\t\t<\/div>\n\t\t\t\t<div class=\"elementor-element elementor-element-6a008814 elementor-widget elementor-widget-text-editor\" data-id=\"6a008814\" data-element_type=\"widget\" data-e-type=\"widget\" data-widget_type=\"text-editor.default\">\n\t\t\t\t<div class=\"elementor-widget-container\">\n\t\t\t\t\t\t\t\t\t<p><a href=\"http:\/\/im vektor\" data-wplink-url-error=\"true\"><span style=\"text-decoration: underline;\">im Vektor<\/span><\/a><\/p>\t\t\t\t\t\t\t\t<\/div>\n\t\t\t\t<\/div>\n\t\t\t\t<div class=\"elementor-element elementor-element-24c658e6 elementor-widget elementor-widget-text-editor\" data-id=\"24c658e6\" data-element_type=\"widget\" data-e-type=\"widget\" data-widget_type=\"text-editor.default\">\n\t\t\t\t<div class=\"elementor-widget-container\">\n\t\t\t\t\t\t\t\t\t<p>SA 6. NOV<\/p>\t\t\t\t\t\t\t\t<\/div>\n\t\t\t\t<\/div>\n\t\t\t\t<div class=\"elementor-element elementor-element-54a00c23 elementor-widget elementor-widget-text-editor\" data-id=\"54a00c23\" data-element_type=\"widget\" data-e-type=\"widget\" data-widget_type=\"text-editor.default\">\n\t\t\t\t<div class=\"elementor-widget-container\">\n\t\t\t\t\t\t\t\t\t<p>15.00<\/p>\t\t\t\t\t\t\t\t<\/div>\n\t\t\t\t<\/div>\n\t\t\t\t<div class=\"elementor-element elementor-element-3ac3bf13 elementor-widget elementor-widget-text-editor\" data-id=\"3ac3bf13\" data-element_type=\"widget\" data-e-type=\"widget\" data-widget_type=\"text-editor.default\">\n\t\t\t\t<div class=\"elementor-widget-container\">\n\t\t\t\t\t\t\t\t\t<p>Experimental Setup. V. Opferung<\/p>\t\t\t\t\t\t\t\t<\/div>\n\t\t\t\t<\/div>\n\t\t\t\t<div class=\"elementor-element elementor-element-51d0b03b elementor-absolute elementor-widget__width-initial elementor-widget elementor-widget-text-editor\" data-id=\"51d0b03b\" data-element_type=\"widget\" data-e-type=\"widget\" data-settings=\"{&quot;_position&quot;:&quot;absolute&quot;}\" data-widget_type=\"text-editor.default\">\n\t\t\t\t<div class=\"elementor-widget-container\">\n\t\t\t\t\t\t\t\t\t<p>\u00a9 Experimental Setup<\/p><p>IM VEKTOR- operated by Steinmayr &amp; Co \u2013 <br \/>Die zeitgen\u00f6ssischen Ausstellungsr\u00e4ume in der<br \/>Burg Hasegg<\/p><p>Burghasegg 6<br \/>6060 Hall in Tirol<\/p><p><a href=\"http:\/\/www.im-vektor.com\">www.im-vektor.com<\/a><br \/>Telefon: +43 650 5524354<\/p><p>\u00d6ffnungszeiten: \u00a0<br \/>Di\u2013Sa 10:00\u201317:00<\/p>\t\t\t\t\t\t\t\t<\/div>\n\t\t\t\t<\/div>\n\t\t\t\t<div class=\"elementor-element elementor-element-857a39f elementor-widget elementor-widget-text-editor\" data-id=\"857a39f\" data-element_type=\"widget\" data-e-type=\"widget\" data-widget_type=\"text-editor.default\">\n\t\t\t\t<div class=\"elementor-widget-container\">\n\t\t\t\t\t\t\t\t\t<p><span style=\"color: #000000;\">Performance<\/span><\/p>\t\t\t\t\t\t\t\t<\/div>\n\t\t\t\t<\/div>\n\t\t\t\t<div class=\"elementor-element elementor-element-5a8093be elementor-widget elementor-widget-image\" data-id=\"5a8093be\" data-element_type=\"widget\" data-e-type=\"widget\" data-widget_type=\"image.default\">\n\t\t\t\t<div class=\"elementor-widget-container\">\n\t\t\t\t\t\t\t\t\t\t\t\t\t\t\t<img fetchpriority=\"high\" decoding=\"async\" width=\"750\" height=\"1036\" src=\"https:\/\/premierentage.at\/2021\/wp-content\/uploads\/2021\/10\/750px-_ExperimentalSetup_opferschuerzen.jpg\" class=\"attachment-full size-full wp-image-1238\" alt=\"\" srcset=\"https:\/\/premierentage.at\/2021\/wp-content\/uploads\/2021\/10\/750px-_ExperimentalSetup_opferschuerzen.jpg 750w, https:\/\/premierentage.at\/2021\/wp-content\/uploads\/2021\/10\/750px-_ExperimentalSetup_opferschuerzen-217x300.jpg 217w, https:\/\/premierentage.at\/2021\/wp-content\/uploads\/2021\/10\/750px-_ExperimentalSetup_opferschuerzen-741x1024.jpg 741w\" sizes=\"(max-width: 750px) 100vw, 750px\" \/>\t\t\t\t\t\t\t\t\t\t\t\t\t\t\t<\/div>\n\t\t\t\t<\/div>\n\t\t\t\t<div class=\"elementor-element elementor-element-1ee15584 elementor-widget elementor-widget-text-editor\" data-id=\"1ee15584\" data-element_type=\"widget\" data-e-type=\"widget\" data-widget_type=\"text-editor.default\">\n\t\t\t\t<div class=\"elementor-widget-container\">\n\t\t\t\t\t\t\t\t\t<p style=\"text-align: center;\">Wir sind gekommen, euch zu rekrutieren!<\/p><p style=\"text-align: center;\">Schlie\u00dft euch an uns\u2018rem illust\u2018ren Zuge,<br \/>hin zu des Parnassos\u2018 Felsenfuge.<\/p><p style=\"text-align: center;\">Folgt dem Ruf und empfangt der Muse Kuss.<br \/>Falls man euch daran erinnern muss.<\/p><p style=\"text-align: center;\">Denn wenn sich die grauen Nebel lichten,<br \/>gilt es, ein gold\u2018nes Zeitalter zu errichten.<\/p><p style=\"text-align: center;\">Ihr alle seid geboren, um Gro\u00dfes zu erschauen,<br \/>den ewigen Tempel der K\u00fcnste neu zu erbauen.<\/p><p style=\"text-align: center;\">Schafft herbei eure Tr\u00e4ume, eure Hoffnung und eure Projektion,<br \/>Bilder in den sch\u00f6nsten Farben werden euch zum Lohn.<\/p><p style=\"text-align: center;\">So hei\u00dfen wir willkommen in uns\u2018rer hehren Runde,<br \/>die Zehnte nun in diesem edlen Bunde!<\/p><p style=\"text-align: center;\">(I. Gesang mit den Musen, V. Opferung)<\/p>\t\t\t\t\t\t\t\t<\/div>\n\t\t\t\t<\/div>\n\t\t\t\t\t<\/div>\n\t\t<\/div>\n\t\t\t\t\t<\/div>\n\t\t<\/section>\n\t\t\t\t<\/div>\n\t\t","protected":false},"excerpt":{"rendered":"<p>ZUR\u00dcCK im Vektor SA 6. NOV 15.00 Experimental Setup. V. Opferung \u00a9 Experimental Setup IM VEKTOR- operated by Steinmayr &amp; Co \u2013 Die zeitgen\u00f6ssischen Ausstellungsr\u00e4ume in derBurg Hasegg Burghasegg 66060 Hall in Tirol www.im-vektor.comTelefon: +43 650 5524354 \u00d6ffnungszeiten: \u00a0Di\u2013Sa 10:00\u201317:00 Performance Wir sind gekommen, euch zu rekrutieren! Schlie\u00dft euch an uns\u2018rem illust\u2018ren Zuge,hin zu des [&hellip;]<\/p>\n","protected":false},"author":1,"featured_media":0,"parent":0,"menu_order":0,"comment_status":"closed","ping_status":"closed","template":"elementor_header_footer","meta":{"footnotes":""},"class_list":["post-1577","page","type-page","status-publish","hentry"],"_links":{"self":[{"href":"https:\/\/premierentage.at\/2021\/wp-json\/wp\/v2\/pages\/1577","targetHints":{"allow":["GET"]}}],"collection":[{"href":"https:\/\/premierentage.at\/2021\/wp-json\/wp\/v2\/pages"}],"about":[{"href":"https:\/\/premierentage.at\/2021\/wp-json\/wp\/v2\/types\/page"}],"author":[{"embeddable":true,"href":"https:\/\/premierentage.at\/2021\/wp-json\/wp\/v2\/users\/1"}],"replies":[{"embeddable":true,"href":"https:\/\/premierentage.at\/2021\/wp-json\/wp\/v2\/comments?post=1577"}],"version-history":[{"count":46,"href":"https:\/\/premierentage.at\/2021\/wp-json\/wp\/v2\/pages\/1577\/revisions"}],"predecessor-version":[{"id":5728,"href":"https:\/\/premierentage.at\/2021\/wp-json\/wp\/v2\/pages\/1577\/revisions\/5728"}],"wp:attachment":[{"href":"https:\/\/premierentage.at\/2021\/wp-json\/wp\/v2\/media?parent=1577"}],"curies":[{"name":"wp","href":"https:\/\/api.w.org\/{rel}","templated":true}]}}