{"id":1667,"date":"2021-10-05T15:11:08","date_gmt":"2021-10-05T15:11:08","guid":{"rendered":"https:\/\/premierentage.at\/2021\/?page_id=1667"},"modified":"2021-10-20T20:07:50","modified_gmt":"2021-10-20T20:07:50","slug":"plattform-6020","status":"publish","type":"page","link":"https:\/\/premierentage.at\/2021\/plattform-6020\/","title":{"rendered":"Plattform 6020"},"content":{"rendered":"\t\t<div data-elementor-type=\"wp-page\" data-elementor-id=\"1667\" class=\"elementor elementor-1667\">\n\t\t\t\t\t\t<section class=\"elementor-section elementor-top-section elementor-element elementor-element-1320d38a elementor-section-boxed elementor-section-height-default elementor-section-height-default\" data-id=\"1320d38a\" data-element_type=\"section\" data-e-type=\"section\" data-settings=\"{&quot;background_background&quot;:&quot;classic&quot;}\">\n\t\t\t\t\t\t<div class=\"elementor-container elementor-column-gap-default\">\n\t\t\t\t\t<div class=\"elementor-column elementor-col-100 elementor-top-column elementor-element elementor-element-16cee0df\" data-id=\"16cee0df\" data-element_type=\"column\" data-e-type=\"column\">\n\t\t\t<div class=\"elementor-widget-wrap elementor-element-populated\">\n\t\t\t\t\t\t<div class=\"elementor-element elementor-element-717d83d3 graulink elementor-widget elementor-widget-text-editor\" data-id=\"717d83d3\" data-element_type=\"widget\" data-e-type=\"widget\" id=\"btn-back\" data-widget_type=\"text-editor.default\">\n\t\t\t\t<div class=\"elementor-widget-container\">\n\t\t\t\t\t\t\t\t\t<span style=\"color: #000000;\"><a href=\"javascript:history.back()\">ZUR\u00dcCK<\/a><\/span>\t\t\t\t\t\t\t\t<\/div>\n\t\t\t\t<\/div>\n\t\t\t\t<div class=\"elementor-element elementor-element-51d0b03b elementor-absolute elementor-widget__width-initial elementor-widget elementor-widget-text-editor\" data-id=\"51d0b03b\" data-element_type=\"widget\" data-e-type=\"widget\" data-settings=\"{&quot;_position&quot;:&quot;absolute&quot;}\" data-widget_type=\"text-editor.default\">\n\t\t\t\t<div class=\"elementor-widget-container\">\n\t\t\t\t\t\t\t\t\t<p>Plattform 6020<br \/>Amraser Strasse 2<br \/>6020 Innsbruck<\/p><p>Mo\u2013Fr 08:00 \u2013 12:00<br \/>Mo\u2013Do 14:00 \u2013 16:30<br \/>Sa\u2013So geschlossen<\/p>\t\t\t\t\t\t\t\t<\/div>\n\t\t\t\t<\/div>\n\t\t\t\t<div class=\"elementor-element elementor-element-5a8093be elementor-widget elementor-widget-image\" data-id=\"5a8093be\" data-element_type=\"widget\" data-e-type=\"widget\" data-widget_type=\"image.default\">\n\t\t\t\t<div class=\"elementor-widget-container\">\n\t\t\t\t\t\t\t\t\t\t\t\t\t\t\t<img fetchpriority=\"high\" decoding=\"async\" width=\"600\" height=\"450\" src=\"https:\/\/premierentage.at\/2021\/wp-content\/uploads\/2021\/10\/foto-n-pedevilla-plattform-6020-600x-1.jpg\" class=\"attachment-full size-full wp-image-2278\" alt=\"\" srcset=\"https:\/\/premierentage.at\/2021\/wp-content\/uploads\/2021\/10\/foto-n-pedevilla-plattform-6020-600x-1.jpg 600w, https:\/\/premierentage.at\/2021\/wp-content\/uploads\/2021\/10\/foto-n-pedevilla-plattform-6020-600x-1-300x225.jpg 300w\" sizes=\"(max-width: 600px) 100vw, 600px\" \/>\t\t\t\t\t\t\t\t\t\t\t\t\t\t\t<\/div>\n\t\t\t\t<\/div>\n\t\t\t\t<div class=\"elementor-element elementor-element-1ee15584 elementor-widget elementor-widget-text-editor\" data-id=\"1ee15584\" data-element_type=\"widget\" data-e-type=\"widget\" data-widget_type=\"text-editor.default\">\n\t\t\t\t<div class=\"elementor-widget-container\">\n\t\t\t\t\t\t\t\t\t<p>D&nbsp;&nbsp;&nbsp;&nbsp;&nbsp;&nbsp;Die F\u00f6rdergalerie der Stadt Innsbruck, welche als \u201eGalerie im Andechshof\u201c 1991 erstmals einen Raum f\u00fcr Tiroler K\u00fcnstlerinnen und K\u00fcnstler \u00f6ffnete, wechselte im Jahr 2018 in die neue Stadtbibliothek Innsbruck und bietet dort angehenden K\u00fcnstlerInnen eine B\u00fchne um ihr k\u00fcnstlerisches K\u00f6nnen einer breiten \u00d6ffentlichkeit pr\u00e4sentieren zu k\u00f6nnen.<\/p>\t\t\t\t\t\t\t\t<\/div>\n\t\t\t\t<\/div>\n\t\t\t\t<div class=\"elementor-element elementor-element-a9a5c25 elementor-widget elementor-widget-text-editor\" data-id=\"a9a5c25\" data-element_type=\"widget\" data-e-type=\"widget\" data-widget_type=\"text-editor.default\">\n\t\t\t\t<div class=\"elementor-widget-container\">\n\t\t\t\t\t\t\t\t\t<p>E\u00a0\u00a0\u00a0\u00a0 The City of Innsbruck supports artist with this gallery, which opened its doors to Tyrolean artists for the first time in 1991 as the \u201cGalerie im Andechshof\u201d. The gallery moved in 2018 to the new public library of the city and offers prospective artists a stage to present their talent to a broad public.<\/p>\t\t\t\t\t\t\t\t<\/div>\n\t\t\t\t<\/div>\n\t\t\t\t\t<\/div>\n\t\t<\/div>\n\t\t\t\t\t<\/div>\n\t\t<\/section>\n\t\t\t\t<\/div>\n\t\t","protected":false},"excerpt":{"rendered":"<p>ZUR\u00dcCK Plattform 6020Amraser Strasse 26020 Innsbruck Mo\u2013Fr 08:00 \u2013 12:00Mo\u2013Do 14:00 \u2013 16:30Sa\u2013So geschlossen D&nbsp;&nbsp;&nbsp;&nbsp;&nbsp;&nbsp;Die F\u00f6rdergalerie der Stadt Innsbruck, welche als \u201eGalerie im Andechshof\u201c 1991 erstmals einen Raum f\u00fcr Tiroler K\u00fcnstlerinnen und K\u00fcnstler \u00f6ffnete, wechselte im Jahr 2018 in die neue Stadtbibliothek Innsbruck und bietet dort angehenden K\u00fcnstlerInnen eine B\u00fchne um ihr k\u00fcnstlerisches K\u00f6nnen einer [&hellip;]<\/p>\n","protected":false},"author":1,"featured_media":0,"parent":0,"menu_order":0,"comment_status":"closed","ping_status":"closed","template":"elementor_header_footer","meta":{"footnotes":""},"class_list":["post-1667","page","type-page","status-publish","hentry"],"_links":{"self":[{"href":"https:\/\/premierentage.at\/2021\/wp-json\/wp\/v2\/pages\/1667","targetHints":{"allow":["GET"]}}],"collection":[{"href":"https:\/\/premierentage.at\/2021\/wp-json\/wp\/v2\/pages"}],"about":[{"href":"https:\/\/premierentage.at\/2021\/wp-json\/wp\/v2\/types\/page"}],"author":[{"embeddable":true,"href":"https:\/\/premierentage.at\/2021\/wp-json\/wp\/v2\/users\/1"}],"replies":[{"embeddable":true,"href":"https:\/\/premierentage.at\/2021\/wp-json\/wp\/v2\/comments?post=1667"}],"version-history":[{"count":43,"href":"https:\/\/premierentage.at\/2021\/wp-json\/wp\/v2\/pages\/1667\/revisions"}],"predecessor-version":[{"id":5182,"href":"https:\/\/premierentage.at\/2021\/wp-json\/wp\/v2\/pages\/1667\/revisions\/5182"}],"wp:attachment":[{"href":"https:\/\/premierentage.at\/2021\/wp-json\/wp\/v2\/media?parent=1667"}],"curies":[{"name":"wp","href":"https:\/\/api.w.org\/{rel}","templated":true}]}}