{"id":1866,"date":"2021-10-06T10:33:10","date_gmt":"2021-10-06T10:33:10","guid":{"rendered":"https:\/\/premierentage.at\/2021\/?page_id=1866"},"modified":"2021-10-20T20:40:03","modified_gmt":"2021-10-20T20:40:03","slug":"bu%cc%88chsenhausen","status":"publish","type":"page","link":"https:\/\/premierentage.at\/2021\/bu%cc%88chsenhausen\/","title":{"rendered":"Bu\u0308chsenhausen"},"content":{"rendered":"\t\t<div data-elementor-type=\"wp-page\" data-elementor-id=\"1866\" class=\"elementor elementor-1866\">\n\t\t\t\t\t\t<section class=\"elementor-section elementor-top-section elementor-element elementor-element-1320d38a elementor-section-boxed elementor-section-height-default elementor-section-height-default\" data-id=\"1320d38a\" data-element_type=\"section\" data-e-type=\"section\" data-settings=\"{&quot;background_background&quot;:&quot;classic&quot;}\">\n\t\t\t\t\t\t<div class=\"elementor-container elementor-column-gap-default\">\n\t\t\t\t\t<div class=\"elementor-column elementor-col-100 elementor-top-column elementor-element elementor-element-16cee0df\" data-id=\"16cee0df\" data-element_type=\"column\" data-e-type=\"column\">\n\t\t\t<div class=\"elementor-widget-wrap elementor-element-populated\">\n\t\t\t\t\t\t<div class=\"elementor-element elementor-element-717d83d3 graulink elementor-widget elementor-widget-text-editor\" data-id=\"717d83d3\" data-element_type=\"widget\" data-e-type=\"widget\" id=\"btn-back\" data-widget_type=\"text-editor.default\">\n\t\t\t\t<div class=\"elementor-widget-container\">\n\t\t\t\t\t\t\t\t\t<span style=\"color: #000000;\"><a href=\"javascript:history.back()\">ZUR\u00dcCK<\/a><\/span>\t\t\t\t\t\t\t\t<\/div>\n\t\t\t\t<\/div>\n\t\t\t\t<div class=\"elementor-element elementor-element-51d0b03b elementor-absolute elementor-widget__width-initial elementor-widget elementor-widget-text-editor\" data-id=\"51d0b03b\" data-element_type=\"widget\" data-e-type=\"widget\" data-settings=\"{&quot;_position&quot;:&quot;absolute&quot;}\" data-widget_type=\"text-editor.default\">\n\t\t\t\t<div class=\"elementor-widget-container\">\n\t\t\t\t\t\t\t\t\t<p>K\u00fcnstlerhaus B\u00fcchsenhausen<br \/>Weiherburggasse 13<br \/>6020 Innsbruck<\/p>\t\t\t\t\t\t\t\t<\/div>\n\t\t\t\t<\/div>\n\t\t\t\t<div class=\"elementor-element elementor-element-5a8093be elementor-widget elementor-widget-image\" data-id=\"5a8093be\" data-element_type=\"widget\" data-e-type=\"widget\" data-widget_type=\"image.default\">\n\t\t\t\t<div class=\"elementor-widget-container\">\n\t\t\t\t\t\t\t\t\t\t\t\t\t\t\t<img fetchpriority=\"high\" decoding=\"async\" width=\"600\" height=\"450\" src=\"https:\/\/premierentage.at\/2021\/wp-content\/uploads\/2021\/10\/buchsenhausen-terasse-600x.jpg\" class=\"attachment-full size-full wp-image-2222\" alt=\"\" srcset=\"https:\/\/premierentage.at\/2021\/wp-content\/uploads\/2021\/10\/buchsenhausen-terasse-600x.jpg 600w, https:\/\/premierentage.at\/2021\/wp-content\/uploads\/2021\/10\/buchsenhausen-terasse-600x-300x225.jpg 300w\" sizes=\"(max-width: 600px) 100vw, 600px\" \/>\t\t\t\t\t\t\t\t\t\t\t\t\t\t\t<\/div>\n\t\t\t\t<\/div>\n\t\t\t\t<div class=\"elementor-element elementor-element-1ee15584 elementor-widget elementor-widget-text-editor\" data-id=\"1ee15584\" data-element_type=\"widget\" data-e-type=\"widget\" data-widget_type=\"text-editor.default\">\n\t\t\t\t<div class=\"elementor-widget-container\">\n\t\t\t\t\t\t\t\t\t<p>D\u00a0\u00a0\u00a0\u00a0\u00a0Das K\u00fcnstlerhaus B\u00fcchsenhausen ist ein postgraduales Zentrum f\u00fcr Produktion, Forschung und Vermittlung im Bereich der visuellen K\u00fcnste und der Kunsttheorie. Im Rahmen des Fellowship-Programms stellt das K\u00fcnstlerhaus eine Plattform zur Verf\u00fcgung, die die Entwicklung und die Produktion k\u00fcnstlerischer und kunsttheoretischer Projekte in einem kritischen Kontext erm\u00f6glicht. B\u00fcchsenhausen bildet gleichzeitig ein Forum f\u00fcr den direkten Austausch zwischen lokal und \u00fcberregional t\u00e4tigen Fachleuten sowie eine Schnittstelle zu unterschiedlichen \u00d6ffentlichkeiten vor Ort.<\/p>\t\t\t\t\t\t\t\t<\/div>\n\t\t\t\t<\/div>\n\t\t\t\t<div class=\"elementor-element elementor-element-a9a5c25 elementor-widget elementor-widget-text-editor\" data-id=\"a9a5c25\" data-element_type=\"widget\" data-e-type=\"widget\" data-widget_type=\"text-editor.default\">\n\t\t\t\t<div class=\"elementor-widget-container\">\n\t\t\t\t\t\t\t\t\t<p>E\u00a0\u00a0\u00a0\u00a0 K\u00fcnstlerhaus B\u00fcchsenhausen is a post-graduate center for production, research, mediation in the fields of visual arts and art theory. Within the framework of the Fellowship Program, B\u00fcchsenhausen offers a platform that facilitates the development and production of artistic and art-theoretical projects in a critical context. At the same time, B\u00fcchsenhausen creates a forum for direct exchange between professionals from the region and abroad as well as a point of interaction with local publics of interest.<\/p>\t\t\t\t\t\t\t\t<\/div>\n\t\t\t\t<\/div>\n\t\t\t\t\t<\/div>\n\t\t<\/div>\n\t\t\t\t\t<\/div>\n\t\t<\/section>\n\t\t\t\t<\/div>\n\t\t","protected":false},"excerpt":{"rendered":"<p>ZUR\u00dcCK K\u00fcnstlerhaus B\u00fcchsenhausenWeiherburggasse 136020 Innsbruck D\u00a0\u00a0\u00a0\u00a0\u00a0Das K\u00fcnstlerhaus B\u00fcchsenhausen ist ein postgraduales Zentrum f\u00fcr Produktion, Forschung und Vermittlung im Bereich der visuellen K\u00fcnste und der Kunsttheorie. Im Rahmen des Fellowship-Programms stellt das K\u00fcnstlerhaus eine Plattform zur Verf\u00fcgung, die die Entwicklung und die Produktion k\u00fcnstlerischer und kunsttheoretischer Projekte in einem kritischen Kontext erm\u00f6glicht. B\u00fcchsenhausen bildet gleichzeitig ein [&hellip;]<\/p>\n","protected":false},"author":1,"featured_media":0,"parent":0,"menu_order":0,"comment_status":"closed","ping_status":"closed","template":"elementor_header_footer","meta":{"footnotes":""},"class_list":["post-1866","page","type-page","status-publish","hentry"],"_links":{"self":[{"href":"https:\/\/premierentage.at\/2021\/wp-json\/wp\/v2\/pages\/1866","targetHints":{"allow":["GET"]}}],"collection":[{"href":"https:\/\/premierentage.at\/2021\/wp-json\/wp\/v2\/pages"}],"about":[{"href":"https:\/\/premierentage.at\/2021\/wp-json\/wp\/v2\/types\/page"}],"author":[{"embeddable":true,"href":"https:\/\/premierentage.at\/2021\/wp-json\/wp\/v2\/users\/1"}],"replies":[{"embeddable":true,"href":"https:\/\/premierentage.at\/2021\/wp-json\/wp\/v2\/comments?post=1866"}],"version-history":[{"count":34,"href":"https:\/\/premierentage.at\/2021\/wp-json\/wp\/v2\/pages\/1866\/revisions"}],"predecessor-version":[{"id":5305,"href":"https:\/\/premierentage.at\/2021\/wp-json\/wp\/v2\/pages\/1866\/revisions\/5305"}],"wp:attachment":[{"href":"https:\/\/premierentage.at\/2021\/wp-json\/wp\/v2\/media?parent=1866"}],"curies":[{"name":"wp","href":"https:\/\/api.w.org\/{rel}","templated":true}]}}

<div data-elementor-type="wp-page" data-elementor-id="1866" class="elementor elementor-1866">
						<section class="elementor-section elementor-top-section elementor-element elementor-element-1320d38a elementor-section-boxed elementor-section-height-default elementor-section-height-default" data-id="1320d38a" data-element_type="section" data-e-type="section" data-settings="{&quot;background_background&quot;:&quot;classic&quot;}">
						<div class="elementor-container elementor-column-gap-default">
					<div class="elementor-column elementor-col-100 elementor-top-column elementor-element elementor-element-16cee0df" data-id="16cee0df" data-element_type="column" data-e-type="column">
			<div class="elementor-widget-wrap elementor-element-populated">
						<div class="elementor-element elementor-element-717d83d3 graulink elementor-widget elementor-widget-text-editor" data-id="717d83d3" data-element_type="widget" data-e-type="widget" id="btn-back" data-widget_type="text-editor.default">
				<div class="elementor-widget-container">
									<span style="color: #000000;"><a href="javascript:history.back()">ZURÜCK</a></span>								</div>
				</div>
				<div class="elementor-element elementor-element-51d0b03b elementor-absolute elementor-widget__width-initial elementor-widget elementor-widget-text-editor" data-id="51d0b03b" data-element_type="widget" data-e-type="widget" data-settings="{&quot;_position&quot;:&quot;absolute&quot;}" data-widget_type="text-editor.default">
				<div class="elementor-widget-container">
									<p>Künstlerhaus Büchsenhausen<br />Weiherburggasse 13<br />6020 Innsbruck</p>								</div>
				</div>
				<div class="elementor-element elementor-element-5a8093be elementor-widget elementor-widget-image" data-id="5a8093be" data-element_type="widget" data-e-type="widget" data-widget_type="image.default">
				<div class="elementor-widget-container">
															<img fetchpriority="high" decoding="async" width="600" height="450" src="https://premierentage.at/2021/wp-content/uploads/2021/10/buchsenhausen-terasse-600x.jpg" class="attachment-full size-full wp-image-2222" alt="" srcset="https://premierentage.at/2021/wp-content/uploads/2021/10/buchsenhausen-terasse-600x.jpg 600w, https://premierentage.at/2021/wp-content/uploads/2021/10/buchsenhausen-terasse-600x-300x225.jpg 300w" sizes="(max-width: 600px) 100vw, 600px" />															</div>
				</div>
				<div class="elementor-element elementor-element-1ee15584 elementor-widget elementor-widget-text-editor" data-id="1ee15584" data-element_type="widget" data-e-type="widget" data-widget_type="text-editor.default">
				<div class="elementor-widget-container">
									<p>D     Das Künstlerhaus Büchsenhausen ist ein postgraduales Zentrum für Produktion, Forschung und Vermittlung im Bereich der visuellen Künste und der Kunsttheorie. Im Rahmen des Fellowship-Programms stellt das Künstlerhaus eine Plattform zur Verfügung, die die Entwicklung und die Produktion künstlerischer und kunsttheoretischer Projekte in einem kritischen Kontext ermöglicht. Büchsenhausen bildet gleichzeitig ein Forum für den direkten Austausch zwischen lokal und überregional tätigen Fachleuten sowie eine Schnittstelle zu unterschiedlichen Öffentlichkeiten vor Ort.</p>								</div>
				</div>
				<div class="elementor-element elementor-element-a9a5c25 elementor-widget elementor-widget-text-editor" data-id="a9a5c25" data-element_type="widget" data-e-type="widget" data-widget_type="text-editor.default">
				<div class="elementor-widget-container">
									<p>E     Künstlerhaus Büchsenhausen is a post-graduate center for production, research, mediation in the fields of visual arts and art theory. Within the framework of the Fellowship Program, Büchsenhausen offers a platform that facilitates the development and production of artistic and art-theoretical projects in a critical context. At the same time, Büchsenhausen creates a forum for direct exchange between professionals from the region and abroad as well as a point of interaction with local publics of interest.</p>								</div>
				</div>
					</div>
		</div>
					</div>
		</section>
				</div>

<p>ZURÜCK Künstlerhaus BüchsenhausenWeiherburggasse 136020 Innsbruck D     Das Künstlerhaus Büchsenhausen ist ein postgraduales Zentrum für Produktion, Forschung und Vermittlung im Bereich der visuellen Künste und der Kunsttheorie. Im Rahmen des Fellowship-Programms stellt das Künstlerhaus eine Plattform zur Verfügung, die die Entwicklung und die Produktion künstlerischer und kunsttheoretischer Projekte in einem kritischen Kontext ermöglicht. Büchsenhausen bildet gleichzeitig ein [&hellip;]</p>
