{"id":1886,"date":"2021-10-06T10:37:13","date_gmt":"2021-10-06T10:37:13","guid":{"rendered":"https:\/\/premierentage.at\/2021\/?page_id=1886"},"modified":"2021-10-20T19:45:11","modified_gmt":"2021-10-20T19:45:11","slug":"innsitu","status":"publish","type":"page","link":"https:\/\/premierentage.at\/2021\/innsitu\/","title":{"rendered":"InnSitu"},"content":{"rendered":"\t\t<div data-elementor-type=\"wp-page\" data-elementor-id=\"1886\" class=\"elementor elementor-1886\">\n\t\t\t\t\t\t<section class=\"elementor-section elementor-top-section elementor-element elementor-element-1320d38a elementor-section-boxed elementor-section-height-default elementor-section-height-default\" data-id=\"1320d38a\" data-element_type=\"section\" data-e-type=\"section\" data-settings=\"{&quot;background_background&quot;:&quot;classic&quot;}\">\n\t\t\t\t\t\t<div class=\"elementor-container elementor-column-gap-default\">\n\t\t\t\t\t<div class=\"elementor-column elementor-col-100 elementor-top-column elementor-element elementor-element-16cee0df\" data-id=\"16cee0df\" data-element_type=\"column\" data-e-type=\"column\">\n\t\t\t<div class=\"elementor-widget-wrap elementor-element-populated\">\n\t\t\t\t\t\t<div class=\"elementor-element elementor-element-717d83d3 graulink elementor-widget elementor-widget-text-editor\" data-id=\"717d83d3\" data-element_type=\"widget\" data-e-type=\"widget\" id=\"btn-back\" data-widget_type=\"text-editor.default\">\n\t\t\t\t<div class=\"elementor-widget-container\">\n\t\t\t\t\t\t\t\t\t<span style=\"color: #000000;\"><a href=\"javascript:history.back()\">ZUR\u00dcCK<\/a><\/span>\t\t\t\t\t\t\t\t<\/div>\n\t\t\t\t<\/div>\n\t\t\t\t<div class=\"elementor-element elementor-element-51d0b03b elementor-absolute elementor-widget__width-initial elementor-widget elementor-widget-text-editor\" data-id=\"51d0b03b\" data-element_type=\"widget\" data-e-type=\"widget\" data-settings=\"{&quot;_position&quot;:&quot;absolute&quot;}\" data-widget_type=\"text-editor.default\">\n\t\t\t\t<div class=\"elementor-widget-container\">\n\t\t\t\t\t\t\t\t\t<p>INN SITU \/ BTV Stadtforum Innsbruck<br \/>Stadtforum 1<br \/>6020 Innsbruck<\/p><p>T +43 505 333 1417<br \/>www.innsitu.at<\/p><p>Mo\u2013Fr 11:00 \u2013 18:00<br \/>Samstag 11:00 \u2013 15:00<br \/>Sonntag geschlossen<\/p>\t\t\t\t\t\t\t\t<\/div>\n\t\t\t\t<\/div>\n\t\t\t\t<div class=\"elementor-element elementor-element-5a8093be elementor-widget elementor-widget-image\" data-id=\"5a8093be\" data-element_type=\"widget\" data-e-type=\"widget\" data-widget_type=\"image.default\">\n\t\t\t\t<div class=\"elementor-widget-container\">\n\t\t\t\t\t\t\t\t\t\t\t\t\t\t\t<img fetchpriority=\"high\" decoding=\"async\" width=\"600\" height=\"400\" src=\"https:\/\/premierentage.at\/2021\/wp-content\/uploads\/2021\/10\/fo-ku-s-credits-thomas-osl-600x.jpg\" class=\"attachment-full size-full wp-image-2252\" alt=\"\" srcset=\"https:\/\/premierentage.at\/2021\/wp-content\/uploads\/2021\/10\/fo-ku-s-credits-thomas-osl-600x.jpg 600w, https:\/\/premierentage.at\/2021\/wp-content\/uploads\/2021\/10\/fo-ku-s-credits-thomas-osl-600x-300x200.jpg 300w\" sizes=\"(max-width: 600px) 100vw, 600px\" \/>\t\t\t\t\t\t\t\t\t\t\t\t\t\t\t<\/div>\n\t\t\t\t<\/div>\n\t\t\t\t<div class=\"elementor-element elementor-element-1ee15584 elementor-widget elementor-widget-text-editor\" data-id=\"1ee15584\" data-element_type=\"widget\" data-e-type=\"widget\" data-widget_type=\"text-editor.default\">\n\t\t\t\t<div class=\"elementor-widget-container\">\n\t\t\t\t\t\t\t\t\t<p>D\u00a0\u00a0\u00a0\u00a0\u00a0 INN SITU ist das Kunst- und Kulturprogramm der Bank f\u00fcr Tirol und Vorarlberg Aktiengesellschaft (BTV) in Innsbruck. Es wird vom k\u00fcnstlerischen Leiter Hans-Joachim G\u00f6gl gestaltet und besch\u00e4ftigt sich mit Fotografie, Musik und Dialog in der Alpenregion von Tirol und Vorarlberg bis in die Ostschweiz und S\u00fcddeutschland.<br \/><a href=\"http:\/\/www.innsitu.at\">www.innsitu.at<\/a><\/p>\t\t\t\t\t\t\t\t<\/div>\n\t\t\t\t<\/div>\n\t\t\t\t<div class=\"elementor-element elementor-element-a9a5c25 elementor-widget elementor-widget-text-editor\" data-id=\"a9a5c25\" data-element_type=\"widget\" data-e-type=\"widget\" data-widget_type=\"text-editor.default\">\n\t\t\t\t<div class=\"elementor-widget-container\">\n\t\t\t\t\t\t\t\t\t<p>E\u00a0\u00a0\u00a0\u00a0 INN SITU is the art and culture program of the Bank f\u00fcr Tirol und Vorarlberg Aktiengesellschaft (BTV) in Innsbruck. It is guided by the artistic director Hans-Joachim G\u00f6gl and deals with photography, music and dialogue in the Alpine region from Tyrol and Vorarlberg to eastern Switzerland and southern Germany.<br \/><a href=\"http:\/\/www.innsitu.at\">www.innsitu.at<\/a><\/p>\t\t\t\t\t\t\t\t<\/div>\n\t\t\t\t<\/div>\n\t\t\t\t\t<\/div>\n\t\t<\/div>\n\t\t\t\t\t<\/div>\n\t\t<\/section>\n\t\t\t\t<\/div>\n\t\t","protected":false},"excerpt":{"rendered":"<p>ZUR\u00dcCK INN SITU \/ BTV Stadtforum InnsbruckStadtforum 16020 Innsbruck T +43 505 333 1417www.innsitu.at Mo\u2013Fr 11:00 \u2013 18:00Samstag 11:00 \u2013 15:00Sonntag geschlossen D\u00a0\u00a0\u00a0\u00a0\u00a0 INN SITU ist das Kunst- und Kulturprogramm der Bank f\u00fcr Tirol und Vorarlberg Aktiengesellschaft (BTV) in Innsbruck. Es wird vom k\u00fcnstlerischen Leiter Hans-Joachim G\u00f6gl gestaltet und besch\u00e4ftigt sich mit Fotografie, Musik und [&hellip;]<\/p>\n","protected":false},"author":1,"featured_media":0,"parent":0,"menu_order":0,"comment_status":"closed","ping_status":"closed","template":"elementor_header_footer","meta":{"footnotes":""},"class_list":["post-1886","page","type-page","status-publish","hentry"],"_links":{"self":[{"href":"https:\/\/premierentage.at\/2021\/wp-json\/wp\/v2\/pages\/1886","targetHints":{"allow":["GET"]}}],"collection":[{"href":"https:\/\/premierentage.at\/2021\/wp-json\/wp\/v2\/pages"}],"about":[{"href":"https:\/\/premierentage.at\/2021\/wp-json\/wp\/v2\/types\/page"}],"author":[{"embeddable":true,"href":"https:\/\/premierentage.at\/2021\/wp-json\/wp\/v2\/users\/1"}],"replies":[{"embeddable":true,"href":"https:\/\/premierentage.at\/2021\/wp-json\/wp\/v2\/comments?post=1886"}],"version-history":[{"count":52,"href":"https:\/\/premierentage.at\/2021\/wp-json\/wp\/v2\/pages\/1886\/revisions"}],"predecessor-version":[{"id":5072,"href":"https:\/\/premierentage.at\/2021\/wp-json\/wp\/v2\/pages\/1886\/revisions\/5072"}],"wp:attachment":[{"href":"https:\/\/premierentage.at\/2021\/wp-json\/wp\/v2\/media?parent=1886"}],"curies":[{"name":"wp","href":"https:\/\/api.w.org\/{rel}","templated":true}]}}