{"id":1890,"date":"2021-10-06T10:37:41","date_gmt":"2021-10-06T10:37:41","guid":{"rendered":"https:\/\/premierentage.at\/2021\/?page_id=1890"},"modified":"2021-10-20T20:37:15","modified_gmt":"2021-10-20T20:37:15","slug":"kunstraum","status":"publish","type":"page","link":"https:\/\/premierentage.at\/2021\/kunstraum\/","title":{"rendered":"Kunstraum"},"content":{"rendered":"\t\t<div data-elementor-type=\"wp-page\" data-elementor-id=\"1890\" class=\"elementor elementor-1890\">\n\t\t\t\t\t\t<section class=\"elementor-section elementor-top-section elementor-element elementor-element-1320d38a elementor-section-boxed elementor-section-height-default elementor-section-height-default\" data-id=\"1320d38a\" data-element_type=\"section\" data-e-type=\"section\" data-settings=\"{&quot;background_background&quot;:&quot;classic&quot;}\">\n\t\t\t\t\t\t<div class=\"elementor-container elementor-column-gap-default\">\n\t\t\t\t\t<div class=\"elementor-column elementor-col-100 elementor-top-column elementor-element elementor-element-16cee0df\" data-id=\"16cee0df\" data-element_type=\"column\" data-e-type=\"column\">\n\t\t\t<div class=\"elementor-widget-wrap elementor-element-populated\">\n\t\t\t\t\t\t<div class=\"elementor-element elementor-element-717d83d3 graulink elementor-widget elementor-widget-text-editor\" data-id=\"717d83d3\" data-element_type=\"widget\" data-e-type=\"widget\" id=\"btn-back\" data-widget_type=\"text-editor.default\">\n\t\t\t\t<div class=\"elementor-widget-container\">\n\t\t\t\t\t\t\t\t\t<span style=\"color: #000000;\"><a href=\"javascript:history.back()\">ZUR\u00dcCK<\/a><\/span>\t\t\t\t\t\t\t\t<\/div>\n\t\t\t\t<\/div>\n\t\t\t\t<div class=\"elementor-element elementor-element-51d0b03b elementor-absolute elementor-widget__width-initial elementor-widget elementor-widget-text-editor\" data-id=\"51d0b03b\" data-element_type=\"widget\" data-e-type=\"widget\" data-settings=\"{&quot;_position&quot;:&quot;absolute&quot;}\" data-widget_type=\"text-editor.default\">\n\t\t\t\t<div class=\"elementor-widget-container\">\n\t\t\t\t\t\t\t\t\t<p>KUNSTRAUM INNSBRUCK<br \/>Maria-Theresien-Stra\u00dfe 34<br \/>6020 Innsbruck<\/p><p>T +43 512 584000<br \/>www.kri.art<\/p><p>Montag geschlossen<br \/>Di\u2013Fr 12:00 \u2013 18:00<br \/>Samstag 10:00 \u2013 15:00<br \/>Sonntag geschlossen<\/p>\t\t\t\t\t\t\t\t<\/div>\n\t\t\t\t<\/div>\n\t\t\t\t<div class=\"elementor-element elementor-element-5a8093be elementor-widget elementor-widget-image\" data-id=\"5a8093be\" data-element_type=\"widget\" data-e-type=\"widget\" data-widget_type=\"image.default\">\n\t\t\t\t<div class=\"elementor-widget-container\">\n\t\t\t\t\t\t\t\t\t\t\t\t\t\t\t<img fetchpriority=\"high\" decoding=\"async\" width=\"600\" height=\"400\" src=\"https:\/\/premierentage.at\/2021\/wp-content\/uploads\/2021\/10\/foto-view-kunstraum-inside-exhibition-view-kr-ljubanovic2-36-2-photo-guenter-richard-wett-600x.jpg\" class=\"attachment-full size-full wp-image-2260\" alt=\"\" srcset=\"https:\/\/premierentage.at\/2021\/wp-content\/uploads\/2021\/10\/foto-view-kunstraum-inside-exhibition-view-kr-ljubanovic2-36-2-photo-guenter-richard-wett-600x.jpg 600w, https:\/\/premierentage.at\/2021\/wp-content\/uploads\/2021\/10\/foto-view-kunstraum-inside-exhibition-view-kr-ljubanovic2-36-2-photo-guenter-richard-wett-600x-300x200.jpg 300w\" sizes=\"(max-width: 600px) 100vw, 600px\" \/>\t\t\t\t\t\t\t\t\t\t\t\t\t\t\t<\/div>\n\t\t\t\t<\/div>\n\t\t\t\t<div class=\"elementor-element elementor-element-1ee15584 elementor-widget elementor-widget-text-editor\" data-id=\"1ee15584\" data-element_type=\"widget\" data-e-type=\"widget\" data-widget_type=\"text-editor.default\">\n\t\t\t\t<div class=\"elementor-widget-container\">\n\t\t\t\t\t\t\t\t\t<p>D\u00a0\u00a0\u00a0\u00a0\u00a0 Der KUNSTRAUM INNSBRUCK &#8211; Verein zur Ausstellung aktueller Kunst &#8211; ist ein 1996 gegr\u00fcndeter gemeinn\u00fctziger Verein. Zielsetzung des KUNSTRAUM INNSBRUCK ist es, die Begegnungen mit der zeitgen\u00f6ssischen Kunst zu erm\u00f6glichen, in Form von Ausstellungen, Vortr\u00e4gen, Diskussionen, K\u00fcnstlergespr\u00e4chen, Lesungen und Konzerten. Das Gesamtprogramm umfasst f\u00fcnf Ausstellungen pro Jahr mit Schwerpunkt auf internationaler, zeitgen\u00f6ssischer Kunst. Vorwiegend werden Einzelausstellungen und Neuproduktionen gezeigt.<\/p>\t\t\t\t\t\t\t\t<\/div>\n\t\t\t\t<\/div>\n\t\t\t\t<div class=\"elementor-element elementor-element-a9a5c25 elementor-widget elementor-widget-text-editor\" data-id=\"a9a5c25\" data-element_type=\"widget\" data-e-type=\"widget\" data-widget_type=\"text-editor.default\">\n\t\t\t\t<div class=\"elementor-widget-container\">\n\t\t\t\t\t\t\t\t\t<p>E\u00a0\u00a0\u00a0\u00a0 Kunstraum Innsbruck has opened his doors in 1996 as a non-profit association. The goal of the KUNSTRAUM INNSBRUCK is to enable encounters with the phenomena of contemporary art in the form of exhibitions, lectures, discussions, artist talks, readings and concerts. The program includes five exhibitions per year with a focus on international, contemporary art, mainly shown in solo-exhibitions and new productions.<\/p>\t\t\t\t\t\t\t\t<\/div>\n\t\t\t\t<\/div>\n\t\t\t\t\t<\/div>\n\t\t<\/div>\n\t\t\t\t\t<\/div>\n\t\t<\/section>\n\t\t\t\t<\/div>\n\t\t","protected":false},"excerpt":{"rendered":"<p>ZUR\u00dcCK KUNSTRAUM INNSBRUCKMaria-Theresien-Stra\u00dfe 346020 Innsbruck T +43 512 584000www.kri.art Montag geschlossenDi\u2013Fr 12:00 \u2013 18:00Samstag 10:00 \u2013 15:00Sonntag geschlossen D\u00a0\u00a0\u00a0\u00a0\u00a0 Der KUNSTRAUM INNSBRUCK &#8211; Verein zur Ausstellung aktueller Kunst &#8211; ist ein 1996 gegr\u00fcndeter gemeinn\u00fctziger Verein. Zielsetzung des KUNSTRAUM INNSBRUCK ist es, die Begegnungen mit der zeitgen\u00f6ssischen Kunst zu erm\u00f6glichen, in Form von Ausstellungen, Vortr\u00e4gen, Diskussionen, [&hellip;]<\/p>\n","protected":false},"author":1,"featured_media":0,"parent":0,"menu_order":0,"comment_status":"closed","ping_status":"closed","template":"elementor_header_footer","meta":{"footnotes":""},"class_list":["post-1890","page","type-page","status-publish","hentry"],"_links":{"self":[{"href":"https:\/\/premierentage.at\/2021\/wp-json\/wp\/v2\/pages\/1890","targetHints":{"allow":["GET"]}}],"collection":[{"href":"https:\/\/premierentage.at\/2021\/wp-json\/wp\/v2\/pages"}],"about":[{"href":"https:\/\/premierentage.at\/2021\/wp-json\/wp\/v2\/types\/page"}],"author":[{"embeddable":true,"href":"https:\/\/premierentage.at\/2021\/wp-json\/wp\/v2\/users\/1"}],"replies":[{"embeddable":true,"href":"https:\/\/premierentage.at\/2021\/wp-json\/wp\/v2\/comments?post=1890"}],"version-history":[{"count":34,"href":"https:\/\/premierentage.at\/2021\/wp-json\/wp\/v2\/pages\/1890\/revisions"}],"predecessor-version":[{"id":5290,"href":"https:\/\/premierentage.at\/2021\/wp-json\/wp\/v2\/pages\/1890\/revisions\/5290"}],"wp:attachment":[{"href":"https:\/\/premierentage.at\/2021\/wp-json\/wp\/v2\/media?parent=1890"}],"curies":[{"name":"wp","href":"https:\/\/api.w.org\/{rel}","templated":true}]}}