{"id":1902,"date":"2021-10-06T10:39:36","date_gmt":"2021-10-06T10:39:36","guid":{"rendered":"https:\/\/premierentage.at\/2021\/?page_id=1902"},"modified":"2021-10-20T21:00:37","modified_gmt":"2021-10-20T21:00:37","slug":"volkskunstmuseum","status":"publish","type":"page","link":"https:\/\/premierentage.at\/2021\/volkskunstmuseum\/","title":{"rendered":"Volkskunstmuseum"},"content":{"rendered":"\t\t<div data-elementor-type=\"wp-page\" data-elementor-id=\"1902\" class=\"elementor elementor-1902\">\n\t\t\t\t\t\t<section class=\"elementor-section elementor-top-section elementor-element elementor-element-1320d38a elementor-section-height-full elementor-section-items-top elementor-section-boxed elementor-section-height-default\" data-id=\"1320d38a\" data-element_type=\"section\" data-e-type=\"section\" data-settings=\"{&quot;background_background&quot;:&quot;classic&quot;}\">\n\t\t\t\t\t\t<div class=\"elementor-container elementor-column-gap-default\">\n\t\t\t\t\t<div class=\"elementor-column elementor-col-100 elementor-top-column elementor-element elementor-element-16cee0df\" data-id=\"16cee0df\" data-element_type=\"column\" data-e-type=\"column\">\n\t\t\t<div class=\"elementor-widget-wrap elementor-element-populated\">\n\t\t\t\t\t\t<div class=\"elementor-element elementor-element-717d83d3 graulink elementor-widget elementor-widget-text-editor\" data-id=\"717d83d3\" data-element_type=\"widget\" data-e-type=\"widget\" id=\"btn-back\" data-widget_type=\"text-editor.default\">\n\t\t\t\t<div class=\"elementor-widget-container\">\n\t\t\t\t\t\t\t\t\t<span style=\"color: #000000;\"><a href=\"javascript:history.back()\">ZUR\u00dcCK<\/a><\/span>\t\t\t\t\t\t\t\t<\/div>\n\t\t\t\t<\/div>\n\t\t\t\t<div class=\"elementor-element elementor-element-51d0b03b elementor-absolute elementor-widget elementor-widget-text-editor\" data-id=\"51d0b03b\" data-element_type=\"widget\" data-e-type=\"widget\" data-settings=\"{&quot;_position&quot;:&quot;absolute&quot;}\" data-widget_type=\"text-editor.default\">\n\t\t\t\t<div class=\"elementor-widget-container\">\n\t\t\t\t\t\t\t\t\t<p>Tiroler Landesmuseen Volkskunstmuseum<br \/>Universit\u00e4tsstra\u00dfe 2<br \/>6020 Innsbruck<\/p><p>T +43 512 594 89<br \/><a href=\"http:\/\/www.tiroler-landesmuseen.at\">www.tiroler-landesmuseen.at<\/a><\/p><p>MO geschlossen<br \/>Mo\u2013So 09:00\u2013 17:00<\/p>\t\t\t\t\t\t\t\t<\/div>\n\t\t\t\t<\/div>\n\t\t\t\t<div class=\"elementor-element elementor-element-1ee15584 elementor-widget elementor-widget-text-editor\" data-id=\"1ee15584\" data-element_type=\"widget\" data-e-type=\"widget\" data-widget_type=\"text-editor.default\">\n\t\t\t\t<div class=\"elementor-widget-container\">\n\t\t\t\t\t\t\t\t\t<p>D\u00a0\u00a0\u00a0\u00a0\u00a0 Das direkt an die Hofkirche angrenzende Tiroler Volkskunstmuseum pr\u00e4sentiert bemerkenswerte Facetten der Kultur Tirols und deren Bedeutung f\u00fcr die Gegenwart. Eine Besonderheit sind die get\u00e4felten Stuben aus unterschiedlichen Regionen Tirols. Das vielf\u00e4ltige Museum zeichnet im \u201ePrallen Jahr\u201c die \u00fcppigen Feste und Feiern nach. Das \u201ePrek\u00e4re Leben\u201c geht auf die Sorgen und \u00c4ngste der Menschen ein.<\/p>\t\t\t\t\t\t\t\t<\/div>\n\t\t\t\t<\/div>\n\t\t\t\t<div class=\"elementor-element elementor-element-a9a5c25 elementor-widget elementor-widget-text-editor\" data-id=\"a9a5c25\" data-element_type=\"widget\" data-e-type=\"widget\" data-widget_type=\"text-editor.default\">\n\t\t\t\t<div class=\"elementor-widget-container\">\n\t\t\t\t\t\t\t\t\t<p>E\u00a0\u00a0\u00a0\u00a0 The Museum of Tyrolean Heritage adjoining Innsbruck\u2019s Court Church houses a diversity of collections devoted to remarkable facets of Tyrolean culture and their significance for the present. One of the attractions is a collection of historical wood-panelled parlours from various parts of the Tyrol. The \u201cFulsome Year\u201d section focuses on the region\u2019s lavish festivals and celebrations, while \u201cPrecarious Life\u201d is devoted to people\u2019s cares and fears.<\/p>\t\t\t\t\t\t\t\t<\/div>\n\t\t\t\t<\/div>\n\t\t\t\t\t<\/div>\n\t\t<\/div>\n\t\t\t\t\t<\/div>\n\t\t<\/section>\n\t\t\t\t<\/div>\n\t\t","protected":false},"excerpt":{"rendered":"<p>ZUR\u00dcCK Tiroler Landesmuseen VolkskunstmuseumUniversit\u00e4tsstra\u00dfe 26020 Innsbruck T +43 512 594 89www.tiroler-landesmuseen.at MO geschlossenMo\u2013So 09:00\u2013 17:00 D\u00a0\u00a0\u00a0\u00a0\u00a0 Das direkt an die Hofkirche angrenzende Tiroler Volkskunstmuseum pr\u00e4sentiert bemerkenswerte Facetten der Kultur Tirols und deren Bedeutung f\u00fcr die Gegenwart. Eine Besonderheit sind die get\u00e4felten Stuben aus unterschiedlichen Regionen Tirols. Das vielf\u00e4ltige Museum zeichnet im \u201ePrallen Jahr\u201c die \u00fcppigen [&hellip;]<\/p>\n","protected":false},"author":1,"featured_media":0,"parent":0,"menu_order":0,"comment_status":"closed","ping_status":"closed","template":"elementor_header_footer","meta":{"footnotes":""},"class_list":["post-1902","page","type-page","status-publish","hentry"],"_links":{"self":[{"href":"https:\/\/premierentage.at\/2021\/wp-json\/wp\/v2\/pages\/1902","targetHints":{"allow":["GET"]}}],"collection":[{"href":"https:\/\/premierentage.at\/2021\/wp-json\/wp\/v2\/pages"}],"about":[{"href":"https:\/\/premierentage.at\/2021\/wp-json\/wp\/v2\/types\/page"}],"author":[{"embeddable":true,"href":"https:\/\/premierentage.at\/2021\/wp-json\/wp\/v2\/users\/1"}],"replies":[{"embeddable":true,"href":"https:\/\/premierentage.at\/2021\/wp-json\/wp\/v2\/comments?post=1902"}],"version-history":[{"count":44,"href":"https:\/\/premierentage.at\/2021\/wp-json\/wp\/v2\/pages\/1902\/revisions"}],"predecessor-version":[{"id":5410,"href":"https:\/\/premierentage.at\/2021\/wp-json\/wp\/v2\/pages\/1902\/revisions\/5410"}],"wp:attachment":[{"href":"https:\/\/premierentage.at\/2021\/wp-json\/wp\/v2\/media?parent=1902"}],"curies":[{"name":"wp","href":"https:\/\/api.w.org\/{rel}","templated":true}]}}