{"id":1908,"date":"2021-10-06T10:41:02","date_gmt":"2021-10-06T10:41:02","guid":{"rendered":"https:\/\/premierentage.at\/2021\/?page_id=1908"},"modified":"2021-10-20T20:14:22","modified_gmt":"2021-10-20T20:14:22","slug":"widauer","status":"publish","type":"page","link":"https:\/\/premierentage.at\/2021\/widauer\/","title":{"rendered":"Widauer"},"content":{"rendered":"\t\t<div data-elementor-type=\"wp-page\" data-elementor-id=\"1908\" class=\"elementor elementor-1908\">\n\t\t\t\t\t\t<section class=\"elementor-section elementor-top-section elementor-element elementor-element-1320d38a elementor-section-boxed elementor-section-height-default elementor-section-height-default\" data-id=\"1320d38a\" data-element_type=\"section\" data-e-type=\"section\" data-settings=\"{&quot;background_background&quot;:&quot;classic&quot;}\">\n\t\t\t\t\t\t<div class=\"elementor-container elementor-column-gap-default\">\n\t\t\t\t\t<div class=\"elementor-column elementor-col-100 elementor-top-column elementor-element elementor-element-16cee0df\" data-id=\"16cee0df\" data-element_type=\"column\" data-e-type=\"column\">\n\t\t\t<div class=\"elementor-widget-wrap elementor-element-populated\">\n\t\t\t\t\t\t<div class=\"elementor-element elementor-element-717d83d3 graulink elementor-widget elementor-widget-text-editor\" data-id=\"717d83d3\" data-element_type=\"widget\" data-e-type=\"widget\" id=\"btn-back\" data-widget_type=\"text-editor.default\">\n\t\t\t\t<div class=\"elementor-widget-container\">\n\t\t\t\t\t\t\t\t\t<span style=\"color: #000000;\"><a href=\"javascript:history.back()\">ZUR\u00dcCK<\/a><\/span>\t\t\t\t\t\t\t\t<\/div>\n\t\t\t\t<\/div>\n\t\t\t\t<div class=\"elementor-element elementor-element-51d0b03b elementor-absolute elementor-widget-mobile__width-initial elementor-widget__width-initial elementor-widget elementor-widget-text-editor\" data-id=\"51d0b03b\" data-element_type=\"widget\" data-e-type=\"widget\" data-settings=\"{&quot;_position&quot;:&quot;absolute&quot;}\" data-widget_type=\"text-editor.default\">\n\t\t\t\t<div class=\"elementor-widget-container\">\n\t\t\t\t\t\t\t\t\t<p>GALERIE JOHANN WIDAUER<br \/>Erlerstra\u00dfe 13<br \/>6020 Innsbruck<\/p><p>T +43 512 58 38 48<br \/><a href=\"http:\/\/www.widauer.at\">www.widauer.at<\/a><\/p><p>Montag geschlossen<br \/>Di\u2013Do 14:00 \u2013 18:00<br \/>Freitag 09:00 \u2013 13:00<br \/>Sa\u2013So geschlossen<\/p>\t\t\t\t\t\t\t\t<\/div>\n\t\t\t\t<\/div>\n\t\t\t\t<div class=\"elementor-element elementor-element-5a8093be elementor-widget elementor-widget-image\" data-id=\"5a8093be\" data-element_type=\"widget\" data-e-type=\"widget\" data-widget_type=\"image.default\">\n\t\t\t\t<div class=\"elementor-widget-container\">\n\t\t\t\t\t\t\t\t\t\t\t\t\t\t\t<img fetchpriority=\"high\" decoding=\"async\" width=\"600\" height=\"450\" src=\"https:\/\/premierentage.at\/2021\/wp-content\/uploads\/2021\/10\/exhibition-2018-thomas-bayrle-01-galerie-johann-widauer-600x.jpg\" class=\"attachment-full size-full wp-image-2307\" alt=\"\" srcset=\"https:\/\/premierentage.at\/2021\/wp-content\/uploads\/2021\/10\/exhibition-2018-thomas-bayrle-01-galerie-johann-widauer-600x.jpg 600w, https:\/\/premierentage.at\/2021\/wp-content\/uploads\/2021\/10\/exhibition-2018-thomas-bayrle-01-galerie-johann-widauer-600x-300x225.jpg 300w\" sizes=\"(max-width: 600px) 100vw, 600px\" \/>\t\t\t\t\t\t\t\t\t\t\t\t\t\t\t<\/div>\n\t\t\t\t<\/div>\n\t\t\t\t<div class=\"elementor-element elementor-element-1ee15584 elementor-widget elementor-widget-text-editor\" data-id=\"1ee15584\" data-element_type=\"widget\" data-e-type=\"widget\" data-widget_type=\"text-editor.default\">\n\t\t\t\t<div class=\"elementor-widget-container\">\n\t\t\t\t\t\t\t\t\t<p>D\u00a0\u00a0\u00a0\u00a0\u00a0 Die Galerie Johann Widauer f\u00f6rdert und pr\u00e4sentiert die Arbeiten aufstrebender und etablierter nationaler und internationaler zeitgen\u00f6ssischer K\u00fcnstler. Seit \u00fcber mehr als zwei Jahrzehnte arbeitet die Galerie mit K\u00fcnstlern wie unter anderem Thomas Bayrle, Georg Herold, Richard Hoeck, Peter Kogler, John Miller, Matt Mullican und Heimo Zobernig. <\/p>\t\t\t\t\t\t\t\t<\/div>\n\t\t\t\t<\/div>\n\t\t\t\t<div class=\"elementor-element elementor-element-a9a5c25 elementor-widget elementor-widget-text-editor\" data-id=\"a9a5c25\" data-element_type=\"widget\" data-e-type=\"widget\" data-widget_type=\"text-editor.default\">\n\t\t\t\t<div class=\"elementor-widget-container\">\n\t\t\t\t\t\t\t\t\t<p>E\u00a0\u00a0\u00a0\u00a0 Galerie Johann Widauer promotes and presents the work of aspiring and established national and international contemporary artists. For more than two decades, the gallery has worked with artists including Thomas Bayrle, Georg Herold, Richard Hoeck, Peter Kogler, John Miller, Matt Mullican and Heimo Zobernig.<\/p>\t\t\t\t\t\t\t\t<\/div>\n\t\t\t\t<\/div>\n\t\t\t\t\t<\/div>\n\t\t<\/div>\n\t\t\t\t\t<\/div>\n\t\t<\/section>\n\t\t\t\t<\/div>\n\t\t","protected":false},"excerpt":{"rendered":"<p>ZUR\u00dcCK GALERIE JOHANN WIDAUERErlerstra\u00dfe 136020 Innsbruck T +43 512 58 38 48www.widauer.at Montag geschlossenDi\u2013Do 14:00 \u2013 18:00Freitag 09:00 \u2013 13:00Sa\u2013So geschlossen D\u00a0\u00a0\u00a0\u00a0\u00a0 Die Galerie Johann Widauer f\u00f6rdert und pr\u00e4sentiert die Arbeiten aufstrebender und etablierter nationaler und internationaler zeitgen\u00f6ssischer K\u00fcnstler. Seit \u00fcber mehr als zwei Jahrzehnte arbeitet die Galerie mit K\u00fcnstlern wie unter anderem Thomas Bayrle, [&hellip;]<\/p>\n","protected":false},"author":1,"featured_media":0,"parent":0,"menu_order":0,"comment_status":"closed","ping_status":"closed","template":"elementor_header_footer","meta":{"footnotes":""},"class_list":["post-1908","page","type-page","status-publish","hentry"],"_links":{"self":[{"href":"https:\/\/premierentage.at\/2021\/wp-json\/wp\/v2\/pages\/1908","targetHints":{"allow":["GET"]}}],"collection":[{"href":"https:\/\/premierentage.at\/2021\/wp-json\/wp\/v2\/pages"}],"about":[{"href":"https:\/\/premierentage.at\/2021\/wp-json\/wp\/v2\/types\/page"}],"author":[{"embeddable":true,"href":"https:\/\/premierentage.at\/2021\/wp-json\/wp\/v2\/users\/1"}],"replies":[{"embeddable":true,"href":"https:\/\/premierentage.at\/2021\/wp-json\/wp\/v2\/comments?post=1908"}],"version-history":[{"count":37,"href":"https:\/\/premierentage.at\/2021\/wp-json\/wp\/v2\/pages\/1908\/revisions"}],"predecessor-version":[{"id":5202,"href":"https:\/\/premierentage.at\/2021\/wp-json\/wp\/v2\/pages\/1908\/revisions\/5202"}],"wp:attachment":[{"href":"https:\/\/premierentage.at\/2021\/wp-json\/wp\/v2\/media?parent=1908"}],"curies":[{"name":"wp","href":"https:\/\/api.w.org\/{rel}","templated":true}]}}